{"id":10102,"date":"2024-05-26T11:03:10","date_gmt":"2024-05-26T09:03:10","guid":{"rendered":"https:\/\/combi-pro.com\/?post_type=product&#038;p=10102"},"modified":"2026-04-13T20:26:04","modified_gmt":"2026-04-13T18:26:04","slug":"181-av-veste-polaire","status":"publish","type":"product","link":"https:\/\/combi-pro.com\/fr\/boutique\/181-av-veste-polaire\/","title":{"rendered":"Veste polaire haute visibilit\u00e9 avec fermeture \u00e9clair et poches r\u00e9fl\u00e9chissantes 181 | Velilla"},"content":{"rendered":"<div class=\"data item\" role=\"tablist\">\n<div id=\"tab-label-description\" class=\"data item title active\" tabindex=\"0\" role=\"tab\" data-role=\"collapsible\" data-collapsible=\"true\" aria-controls=\"description\" aria-selected=\"false\" aria-expanded=\"true\">\n<p data-start=\"635\" data-end=\"670\"><strong>Caract\u00e9ristiques principales:<\/strong><\/p>\n<ul>\n<li data-start=\"674\" data-end=\"755\">Fermeture centrale \u00e0 glissi\u00e8re pour faciliter l'utilisation quotidienne et le confort.<\/li>\n<li data-start=\"758\" data-end=\"889\">Bandes r\u00e9fl\u00e9chissantes sur le torse et les manches, qui am\u00e9liorent consid\u00e9rablement la visibilit\u00e9 dans des conditions de faible luminosit\u00e9 ou pour le travail de nuit.<\/li>\n<li data-start=\"892\" data-end=\"959\">Poignets \u00e9lastiques pour un ajustement s\u00fbr et un plus grand confort thermique.<\/li>\n<li data-start=\"962\" data-end=\"1069\">Bas de v\u00eatement ajustable avec bouchon, id\u00e9al pour conserver la chaleur du corps et s'adapter au porteur.<\/li>\n<li data-start=\"1072\" data-end=\"1191\">Trois poches zipp\u00e9es, pratiques et s\u00fbres pour transporter des effets personnels ou des outils.<\/li>\n<\/ul>\n<p><strong>Certification:<\/strong><\/p>\n<ul>\n<li data-start=\"1223\" data-end=\"1388\">EN ISO 20471 - Classe 2<\/li>\n<li data-start=\"1223\" data-end=\"1388\">Niveau de visibilit\u00e9 moyen, recommand\u00e9 pour les travaux en ext\u00e9rieur, les zones de circulation ou les environnements pr\u00e9sentant un risque \u00e9lev\u00e9 de mauvaise visibilit\u00e9.<\/li>\n<\/ul>\n<p><strong>\u00a0Tissu:<\/strong><\/p>\n<ul>\n<li data-start=\"1413\" data-end=\"1440\">Polyester 100 %<\/li>\n<li data-start=\"1443\" data-end=\"1569\">Poids : 280 g\/m\u00b2 Poids : 280 g\/m\u00b2 Poids : 280 g\/m\u00b2 Poids : 280 g\/m\u00b2 Poids : 280 g\/m\u00b2<\/li>\n<li data-start=\"1443\" data-end=\"1569\">Tissu doux, chaud et durable, con\u00e7u pour fournir une isolation thermique sans sacrifier la mobilit\u00e9.<\/li>\n<\/ul>\n<p><strong>Gamme de produits : <\/strong>Standard<\/p>\n<p><strong>Recommandations:<\/strong><\/p>\n<ul>\n<li data-start=\"1637\" data-end=\"1856\">Parfait pour les professionnels de la logistique, de la maintenance, des services techniques, de la route et de la construction qui ont besoin d'une haute visibilit\u00e9 et d'une protection contre le froid dans des environnements exigeants.<\/li>\n<\/ul>\n<\/div>\n<\/div>","protected":false},"excerpt":{"rendered":"<p data-start=\"276\" data-end=\"433\">Veste polaire thermique avec bandes r\u00e9fl\u00e9chissantes, trois poches zipp\u00e9es, poignets \u00e9lastiques et ourlet r\u00e9glable. Haute visibilit\u00e9 et protection par temps froid.<\/p>\n<p><strong>GUIDE DES TAILLES<\/strong><\/p>\n<p><img decoding=\"async\" class=\"alignnone wp-image-17931\" src=\"https:\/\/combi-pro.com\/wp-content\/uploads\/2024\/05\/68.4-80.8-screenshot-1750420067690-300x158.png\" alt=\"\" width=\"267\" height=\"140\" srcset=\"https:\/\/combi-pro.com\/wp-content\/uploads\/2024\/05\/68.4-80.8-screenshot-1750420067690-300x158.png 300w, https:\/\/combi-pro.com\/wp-content\/uploads\/2024\/05\/68.4-80.8-screenshot-1750420067690-18x9.png 18w, https:\/\/combi-pro.com\/wp-content\/uploads\/2024\/05\/68.4-80.8-screenshot-1750420067690-64x34.png 64w, https:\/\/combi-pro.com\/wp-content\/uploads\/2024\/05\/68.4-80.8-screenshot-1750420067690.png 400w\" sizes=\"(max-width: 267px) 100vw, 267px\" \/> <img decoding=\"async\" class=\"alignnone wp-image-17696\" src=\"https:\/\/combi-pro.com\/wp-content\/uploads\/2025\/05\/screenshot-1749214923473-300x106.png\" alt=\"\" width=\"283\" height=\"100\" srcset=\"https:\/\/combi-pro.com\/wp-content\/uploads\/2025\/05\/screenshot-1749214923473-300x106.png 300w, https:\/\/combi-pro.com\/wp-content\/uploads\/2025\/05\/screenshot-1749214923473-64x23.png 64w, https:\/\/combi-pro.com\/wp-content\/uploads\/2025\/05\/screenshot-1749214923473-18x6.png 18w, https:\/\/combi-pro.com\/wp-content\/uploads\/2025\/05\/screenshot-1749214923473.png 396w\" sizes=\"(max-width: 283px) 100vw, 283px\" \/><\/p>","protected":false},"featured_media":10106,"template":"","meta":{"site-sidebar-layout":"default","site-content-layout":"","ast-site-content-layout":"default","site-content-style":"default","site-sidebar-style":"default","ast-global-header-display":"","ast-banner-title-visibility":"","ast-main-header-display":"","ast-hfb-above-header-display":"","ast-hfb-below-header-display":"","ast-hfb-mobile-header-display":"","site-post-title":"","ast-breadcrumbs-content":"","ast-featured-img":"","footer-sml-layout":"","ast-disable-related-posts":"","theme-transparent-header-meta":"default","adv-header-id-meta":"","stick-header-meta":"","header-above-stick-meta":"","header-main-stick-meta":"","header-below-stick-meta":"","astra-migrate-meta-layouts":"set","ast-page-background-enabled":"default","ast-page-background-meta":{"desktop":{"background-color":"","background-image":"","background-repeat":"repeat","background-position":"center center","background-size":"auto","background-attachment":"scroll","background-type":"","background-media":"","overlay-type":"","overlay-color":"","overlay-opacity":"","overlay-gradient":""},"tablet":{"background-color":"","background-image":"","background-repeat":"repeat","background-position":"center center","background-size":"auto","background-attachment":"scroll","background-type":"","background-media":"","overlay-type":"","overlay-color":"","overlay-opacity":"","overlay-gradient":""},"mobile":{"background-color":"","background-image":"","background-repeat":"repeat","background-position":"center center","background-size":"auto","background-attachment":"scroll","background-type":"","background-media":"","overlay-type":"","overlay-color":"","overlay-opacity":"","overlay-gradient":""}},"ast-content-background-meta":{"desktop":{"background-color":"var(--ast-global-color-5)","background-image":"","background-repeat":"repeat","background-position":"center center","background-size":"auto","background-attachment":"scroll","background-type":"","background-media":"","overlay-type":"","overlay-color":"","overlay-opacity":"","overlay-gradient":""},"tablet":{"background-color":"var(--ast-global-color-5)","background-image":"","background-repeat":"repeat","background-position":"center center","background-size":"auto","background-attachment":"scroll","background-type":"","background-media":"","overlay-type":"","overlay-color":"","overlay-opacity":"","overlay-gradient":""},"mobile":{"background-color":"var(--ast-global-color-5)","background-image":"","background-repeat":"repeat","background-position":"center center","background-size":"auto","background-attachment":"scroll","background-type":"","background-media":"","overlay-type":"","overlay-color":"","overlay-opacity":"","overlay-gradient":""}}},"product_brand":[442],"product_cat":[67,98,50],"product_tag":[],"class_list":{"0":"post-10102","1":"product","2":"type-product","3":"status-publish","4":"has-post-thumbnail","6":"product_brand-velilla","7":"product_cat-alta-visibilidad","8":"product_cat-forro-polar-alta-visibilidad","9":"product_cat-ropa-profesional","10":"desktop-align-center","11":"tablet-align-left","12":"mobile-align-left","14":"first","15":"instock","16":"taxable","17":"shipping-taxable","18":"purchasable","19":"product-type-variable","20":"has-default-attributes"},"_links":{"self":[{"href":"https:\/\/combi-pro.com\/fr\/wp-json\/wp\/v2\/product\/10102","targetHints":{"allow":["GET"]}}],"collection":[{"href":"https:\/\/combi-pro.com\/fr\/wp-json\/wp\/v2\/product"}],"about":[{"href":"https:\/\/combi-pro.com\/fr\/wp-json\/wp\/v2\/types\/product"}],"wp:featuredmedia":[{"embeddable":true,"href":"https:\/\/combi-pro.com\/fr\/wp-json\/wp\/v2\/media\/10106"}],"wp:attachment":[{"href":"https:\/\/combi-pro.com\/fr\/wp-json\/wp\/v2\/media?parent=10102"}],"wp:term":[{"taxonomy":"product_brand","embeddable":true,"href":"https:\/\/combi-pro.com\/fr\/wp-json\/wp\/v2\/product_brand?post=10102"},{"taxonomy":"product_cat","embeddable":true,"href":"https:\/\/combi-pro.com\/fr\/wp-json\/wp\/v2\/product_cat?post=10102"},{"taxonomy":"product_tag","embeddable":true,"href":"https:\/\/combi-pro.com\/fr\/wp-json\/wp\/v2\/product_tag?post=10102"}],"curies":[{"name":"wp","href":"https:\/\/api.w.org\/{rel}","templated":true}]}}

Veste polaire haute visibilité avec fermeture éclair et poches réfléchissantes 181 | Velilla

<div class="data item" role="tablist">
<div id="tab-label-description" class="data item title active" tabindex="0" role="tab" data-role="collapsible" data-collapsible="true" aria-controls="description" aria-selected="false" aria-expanded="true">
<p data-start="635" data-end="670"><strong>Caractéristiques principales:</strong></p>
<ul>
<li data-start="674" data-end="755">Fermeture centrale à glissière pour faciliter l'utilisation quotidienne et le confort.</li>
<li data-start="758" data-end="889">Bandes réfléchissantes sur le torse et les manches, qui améliorent considérablement la visibilité dans des conditions de faible luminosité ou pour le travail de nuit.</li>
<li data-start="892" data-end="959">Poignets élastiques pour un ajustement sûr et un plus grand confort thermique.</li>
<li data-start="962" data-end="1069">Bas de vêtement ajustable avec bouchon, idéal pour conserver la chaleur du corps et s'adapter au porteur.</li>
<li data-start="1072" data-end="1191">Trois poches zippées, pratiques et sûres pour transporter des effets personnels ou des outils.</li>
</ul>
<p><strong>Certification:</strong></p>
<ul>
<li data-start="1223" data-end="1388">EN ISO 20471 - Classe 2</li>
<li data-start="1223" data-end="1388">Niveau de visibilité moyen, recommandé pour les travaux en extérieur, les zones de circulation ou les environnements présentant un risque élevé de mauvaise visibilité.</li>
</ul>
<p><strong> Tissu:</strong></p>
<ul>
<li data-start="1413" data-end="1440">Polyester 100 %</li>
<li data-start="1443" data-end="1569">Poids : 280 g/m² Poids : 280 g/m² Poids : 280 g/m² Poids : 280 g/m² Poids : 280 g/m²</li>
<li data-start="1443" data-end="1569">Tissu doux, chaud et durable, conçu pour fournir une isolation thermique sans sacrifier la mobilité.</li>
</ul>
<p><strong>Gamme de produits : </strong>Standard</p>
<p><strong>Recommandations:</strong></p>
<ul>
<li data-start="1637" data-end="1856">Parfait pour les professionnels de la logistique, de la maintenance, des services techniques, de la route et de la construction qui ont besoin d'une haute visibilité et d'une protection contre le froid dans des environnements exigeants.</li>
</ul>
</div>
</div>

<p data-start="276" data-end="433">Veste polaire thermique avec bandes réfléchissantes, trois poches zippées, poignets élastiques et ourlet réglable. Haute visibilité et protection par temps froid.</p>
<p><strong>GUIDE DES TAILLES</strong></p>
<p><img decoding="async" class="alignnone wp-image-17931" src="https://combi-pro.com/wp-content/uploads/2024/05/68.4-80.8-screenshot-1750420067690-300x158.png" alt="" width="267" height="140" srcset="https://combi-pro.com/wp-content/uploads/2024/05/68.4-80.8-screenshot-1750420067690-300x158.png 300w, https://combi-pro.com/wp-content/uploads/2024/05/68.4-80.8-screenshot-1750420067690-18x9.png 18w, https://combi-pro.com/wp-content/uploads/2024/05/68.4-80.8-screenshot-1750420067690-64x34.png 64w, https://combi-pro.com/wp-content/uploads/2024/05/68.4-80.8-screenshot-1750420067690.png 400w" sizes="(max-width: 267px) 100vw, 267px" /> <img decoding="async" class="alignnone wp-image-17696" src="https://combi-pro.com/wp-content/uploads/2025/05/screenshot-1749214923473-300x106.png" alt="" width="283" height="100" srcset="https://combi-pro.com/wp-content/uploads/2025/05/screenshot-1749214923473-300x106.png 300w, https://combi-pro.com/wp-content/uploads/2025/05/screenshot-1749214923473-64x23.png 64w, https://combi-pro.com/wp-content/uploads/2025/05/screenshot-1749214923473-18x6.png 18w, https://combi-pro.com/wp-content/uploads/2025/05/screenshot-1749214923473.png 396w" sizes="(max-width: 283px) 100vw, 283px" /></p>
