{"id":10325,"date":"2024-05-26T14:28:10","date_gmt":"2024-05-26T12:28:10","guid":{"rendered":"https:\/\/combi-pro.com\/?post_type=product&#038;p=10325"},"modified":"2025-10-27T16:18:45","modified_gmt":"2025-10-27T15:18:45","slug":"254001-hotte","status":"publish","type":"product","link":"https:\/\/combi-pro.com\/fr\/boutique\/254001-hotte\/","title":{"rendered":"Cagoule de travail \u00e0 fermeture automatique 254001 | VELILLA"},"content":{"rendered":"<div class=\"data item\" role=\"tablist\">\n<div id=\"tab-label-description\" class=\"data item title active\" tabindex=\"0\" role=\"tab\" data-role=\"collapsible\" data-collapsible=\"true\" aria-controls=\"description\" aria-selected=\"false\" aria-expanded=\"true\">\n<p data-start=\"1032\" data-end=\"1063\"><strong>Caract\u00e9ristiques techniques :<\/strong><\/p>\n<ul>\n<li data-start=\"1067\" data-end=\"1119\">Verrouillage central avec boutons-pression dissimul\u00e9s<\/li>\n<li data-start=\"1122\" data-end=\"1176\">Ouverture frontale \u00e9lastiqu\u00e9e pour un ajustement ergonomique<\/li>\n<li data-start=\"1179\" data-end=\"1221\">Tissu r\u00e9sistant et facile \u00e0 entretenir<\/li>\n<\/ul>\n<p data-start=\"1228\" data-end=\"1242\"><strong>Tissus :<\/strong><\/p>\n<ul data-start=\"1243\" data-end=\"1294\">\n<li class=\"\" data-start=\"1243\" data-end=\"1294\">\n<p class=\"\" data-start=\"1245\" data-end=\"1294\">Twill : 65% polyester - 35% coton \/ 190 g\/m\u00b2.<\/p>\n<\/li>\n<\/ul>\n<p data-start=\"1301\" data-end=\"1329\"><strong>Recommandation d'utilisation :<\/strong><\/p>\n<ul>\n<li data-start=\"1330\" data-end=\"1525\">Recommand\u00e9 pour les professionnels travaillant dans des environnements o\u00f9 une protection hygi\u00e9nique ou contre les \u00e9claboussures est n\u00e9cessaire, tels que les industries alimentaires, les laboratoires, l'entretien ou le nettoyage technique.<\/li>\n<\/ul>\n<\/div>\n<\/div>","protected":false},"excerpt":{"rendered":"<p class=\"\" data-start=\"191\" data-end=\"306\">Cagoule ergonomique en tissu r\u00e9sistant avec fermeture \u00e0 bouton-pression et ajustement \u00e9lastique, id\u00e9ale pour les environnements industriels.<\/p>","protected":false},"featured_media":10327,"template":"","meta":{"site-sidebar-layout":"default","site-content-layout":"","ast-site-content-layout":"default","site-content-style":"default","site-sidebar-style":"default","ast-global-header-display":"","ast-banner-title-visibility":"","ast-main-header-display":"","ast-hfb-above-header-display":"","ast-hfb-below-header-display":"","ast-hfb-mobile-header-display":"","site-post-title":"","ast-breadcrumbs-content":"","ast-featured-img":"","footer-sml-layout":"","ast-disable-related-posts":"","theme-transparent-header-meta":"default","adv-header-id-meta":"","stick-header-meta":"","header-above-stick-meta":"","header-main-stick-meta":"","header-below-stick-meta":"","astra-migrate-meta-layouts":"set","ast-page-background-enabled":"default","ast-page-background-meta":{"desktop":{"background-color":"","background-image":"","background-repeat":"repeat","background-position":"center center","background-size":"auto","background-attachment":"scroll","background-type":"","background-media":"","overlay-type":"","overlay-color":"","overlay-opacity":"","overlay-gradient":""},"tablet":{"background-color":"","background-image":"","background-repeat":"repeat","background-position":"center center","background-size":"auto","background-attachment":"scroll","background-type":"","background-media":"","overlay-type":"","overlay-color":"","overlay-opacity":"","overlay-gradient":""},"mobile":{"background-color":"","background-image":"","background-repeat":"repeat","background-position":"center center","background-size":"auto","background-attachment":"scroll","background-type":"","background-media":"","overlay-type":"","overlay-color":"","overlay-opacity":"","overlay-gradient":""}},"ast-content-background-meta":{"desktop":{"background-color":"var(--ast-global-color-5)","background-image":"","background-repeat":"repeat","background-position":"center center","background-size":"auto","background-attachment":"scroll","background-type":"","background-media":"","overlay-type":"","overlay-color":"","overlay-opacity":"","overlay-gradient":""},"tablet":{"background-color":"var(--ast-global-color-5)","background-image":"","background-repeat":"repeat","background-position":"center center","background-size":"auto","background-attachment":"scroll","background-type":"","background-media":"","overlay-type":"","overlay-color":"","overlay-opacity":"","overlay-gradient":""},"mobile":{"background-color":"var(--ast-global-color-5)","background-image":"","background-repeat":"repeat","background-position":"center center","background-size":"auto","background-attachment":"scroll","background-type":"","background-media":"","overlay-type":"","overlay-color":"","overlay-opacity":"","overlay-gradient":""}}},"product_brand":[442],"product_cat":[122,69,50],"product_tag":[],"class_list":{"0":"post-10325","1":"product","2":"type-product","3":"status-publish","4":"has-post-thumbnail","6":"product_brand-velilla","7":"product_cat-complementos-industria-alimentaria","8":"product_cat-industria-alimentaria","9":"product_cat-ropa-profesional","10":"desktop-align-center","11":"tablet-align-left","12":"mobile-align-left","14":"first","15":"instock","16":"taxable","17":"shipping-taxable","18":"purchasable","19":"product-type-simple"},"_links":{"self":[{"href":"https:\/\/combi-pro.com\/fr\/wp-json\/wp\/v2\/product\/10325","targetHints":{"allow":["GET"]}}],"collection":[{"href":"https:\/\/combi-pro.com\/fr\/wp-json\/wp\/v2\/product"}],"about":[{"href":"https:\/\/combi-pro.com\/fr\/wp-json\/wp\/v2\/types\/product"}],"wp:featuredmedia":[{"embeddable":true,"href":"https:\/\/combi-pro.com\/fr\/wp-json\/wp\/v2\/media\/10327"}],"wp:attachment":[{"href":"https:\/\/combi-pro.com\/fr\/wp-json\/wp\/v2\/media?parent=10325"}],"wp:term":[{"taxonomy":"product_brand","embeddable":true,"href":"https:\/\/combi-pro.com\/fr\/wp-json\/wp\/v2\/product_brand?post=10325"},{"taxonomy":"product_cat","embeddable":true,"href":"https:\/\/combi-pro.com\/fr\/wp-json\/wp\/v2\/product_cat?post=10325"},{"taxonomy":"product_tag","embeddable":true,"href":"https:\/\/combi-pro.com\/fr\/wp-json\/wp\/v2\/product_tag?post=10325"}],"curies":[{"name":"wp","href":"https:\/\/api.w.org\/{rel}","templated":true}]}}

Cagoule de travail à fermeture automatique 254001 | VELILLA

<div class="data item" role="tablist">
<div id="tab-label-description" class="data item title active" tabindex="0" role="tab" data-role="collapsible" data-collapsible="true" aria-controls="description" aria-selected="false" aria-expanded="true">
<p data-start="1032" data-end="1063"><strong>Caractéristiques techniques :</strong></p>
<ul>
<li data-start="1067" data-end="1119">Verrouillage central avec boutons-pression dissimulés</li>
<li data-start="1122" data-end="1176">Ouverture frontale élastiquée pour un ajustement ergonomique</li>
<li data-start="1179" data-end="1221">Tissu résistant et facile à entretenir</li>
</ul>
<p data-start="1228" data-end="1242"><strong>Tissus :</strong></p>
<ul data-start="1243" data-end="1294">
<li class="" data-start="1243" data-end="1294">
<p class="" data-start="1245" data-end="1294">Twill : 65% polyester - 35% coton / 190 g/m².</p>
</li>
</ul>
<p data-start="1301" data-end="1329"><strong>Recommandation d'utilisation :</strong></p>
<ul>
<li data-start="1330" data-end="1525">Recommandé pour les professionnels travaillant dans des environnements où une protection hygiénique ou contre les éclaboussures est nécessaire, tels que les industries alimentaires, les laboratoires, l'entretien ou le nettoyage technique.</li>
</ul>
</div>
</div>

<p class="" data-start="191" data-end="306">Cagoule ergonomique en tissu résistant avec fermeture à bouton-pression et ajustement élastique, idéale pour les environnements industriels.</p>
