{"id":10525,"date":"2024-05-30T09:56:23","date_gmt":"2024-05-30T07:56:23","guid":{"rendered":"https:\/\/combi-pro.com\/?post_type=product&#038;p=10525"},"modified":"2026-04-13T20:29:49","modified_gmt":"2026-04-13T18:29:49","slug":"405208a-veste-de-cuisine-en-coton-ml","status":"publish","type":"product","link":"https:\/\/combi-pro.com\/fr\/boutique\/405208a-veste-de-cuisine-en-coton-ml\/","title":{"rendered":"Veste de chef 100 % coton avec fermeture centrale et manches longues 405208A | VELILLA"},"content":{"rendered":"<div class=\"data item\" role=\"tablist\">\n<div id=\"tab-label-description\" class=\"data item title active\" tabindex=\"0\" role=\"tab\" data-role=\"collapsible\" data-collapsible=\"true\" aria-controls=\"description\" aria-selected=\"false\" aria-expanded=\"true\">\n<p data-start=\"617\" data-end=\"656\"><strong data-start=\"624\" data-end=\"654\">Caract\u00e9ristiques techniques :<\/strong><\/p>\n<ul>\n<li data-start=\"659\" data-end=\"707\">Verrouillage central avec boutons-pression dissimul\u00e9s<\/li>\n<li data-start=\"710\" data-end=\"727\">Col Mao<\/li>\n<li data-start=\"730\" data-end=\"771\">Manche tailleur avec fente aux poignets<\/li>\n<li data-start=\"774\" data-end=\"818\">1 poche plaqu\u00e9e sur la manche gauche<\/li>\n<\/ul>\n<p data-start=\"821\" data-end=\"867\"><strong data-start=\"821\" data-end=\"831\">Tissu<\/strong>Tissu : Twill - 100 coton % \/ 180 g\/m\u00b2.<\/p>\n<p data-start=\"870\" data-end=\"888\"><strong data-start=\"870\" data-end=\"878\">Gamme<\/strong>: Cuisine<\/p>\n<p data-start=\"895\" data-end=\"929\"><strong data-start=\"901\" data-end=\"927\">Recommandation d'utilisation :<\/strong><\/p>\n<ul>\n<li data-start=\"930\" data-end=\"1074\">Id\u00e9ale pour les chefs et le personnel de cuisine \u00e0 la recherche d'une veste confortable, durable et respirante pour un usage professionnel dans des environnements exigeants.<\/li>\n<\/ul>\n<\/div>\n<\/div>","protected":false},"excerpt":{"rendered":"<p data-start=\"251\" data-end=\"407\">Veste de cuisine \u00e0 manches longues 100% en coton, avec fermeture \u00e0 glissi\u00e8re centrale et boutons-pression. Conception classique et confortable pour les professionnels de la cuisine.<\/p>\n<p data-start=\"251\" data-end=\"407\"><img decoding=\"async\" class=\"alignnone wp-image-15450\" src=\"https:\/\/combi-pro.com\/wp-content\/uploads\/2024\/05\/100-COTTON.png\" alt=\"\" width=\"117\" height=\"40\" srcset=\"https:\/\/combi-pro.com\/wp-content\/uploads\/2024\/05\/100-COTTON.png 228w, https:\/\/combi-pro.com\/wp-content\/uploads\/2024\/05\/100-COTTON-64x22.png 64w, https:\/\/combi-pro.com\/wp-content\/uploads\/2024\/05\/100-COTTON-18x6.png 18w\" sizes=\"(max-width: 117px) 100vw, 117px\" \/><\/p>\n<p><a href=\"https:\/\/combi-pro.com\/wp-content\/uploads\/2025\/04\/Guide-de-taille-Velilla_Partes-Superiores-y-Batas-Homme.jpg\">guide des tailles<\/a><\/p>\n<p>&nbsp;<\/p>","protected":false},"featured_media":16628,"template":"","meta":{"site-sidebar-layout":"default","site-content-layout":"","ast-site-content-layout":"default","site-content-style":"default","site-sidebar-style":"default","ast-global-header-display":"","ast-banner-title-visibility":"","ast-main-header-display":"","ast-hfb-above-header-display":"","ast-hfb-below-header-display":"","ast-hfb-mobile-header-display":"","site-post-title":"","ast-breadcrumbs-content":"","ast-featured-img":"","footer-sml-layout":"","ast-disable-related-posts":"","theme-transparent-header-meta":"default","adv-header-id-meta":"","stick-header-meta":"","header-above-stick-meta":"","header-main-stick-meta":"","header-below-stick-meta":"","astra-migrate-meta-layouts":"set","ast-page-background-enabled":"default","ast-page-background-meta":{"desktop":{"background-color":"","background-image":"","background-repeat":"repeat","background-position":"center center","background-size":"auto","background-attachment":"scroll","background-type":"","background-media":"","overlay-type":"","overlay-color":"","overlay-opacity":"","overlay-gradient":""},"tablet":{"background-color":"","background-image":"","background-repeat":"repeat","background-position":"center center","background-size":"auto","background-attachment":"scroll","background-type":"","background-media":"","overlay-type":"","overlay-color":"","overlay-opacity":"","overlay-gradient":""},"mobile":{"background-color":"","background-image":"","background-repeat":"repeat","background-position":"center center","background-size":"auto","background-attachment":"scroll","background-type":"","background-media":"","overlay-type":"","overlay-color":"","overlay-opacity":"","overlay-gradient":""}},"ast-content-background-meta":{"desktop":{"background-color":"var(--ast-global-color-5)","background-image":"","background-repeat":"repeat","background-position":"center center","background-size":"auto","background-attachment":"scroll","background-type":"","background-media":"","overlay-type":"","overlay-color":"","overlay-opacity":"","overlay-gradient":""},"tablet":{"background-color":"var(--ast-global-color-5)","background-image":"","background-repeat":"repeat","background-position":"center center","background-size":"auto","background-attachment":"scroll","background-type":"","background-media":"","overlay-type":"","overlay-color":"","overlay-opacity":"","overlay-gradient":""},"mobile":{"background-color":"var(--ast-global-color-5)","background-image":"","background-repeat":"repeat","background-position":"center center","background-size":"auto","background-attachment":"scroll","background-type":"","background-media":"","overlay-type":"","overlay-color":"","overlay-opacity":"","overlay-gradient":""}}},"product_brand":[442],"product_cat":[116,72,50],"product_tag":[],"class_list":{"0":"post-10525","1":"product","2":"type-product","3":"status-publish","4":"has-post-thumbnail","6":"product_brand-velilla","7":"product_cat-chaquetas-hosteleria","8":"product_cat-hosteleria","9":"product_cat-ropa-profesional","10":"desktop-align-center","11":"tablet-align-left","12":"mobile-align-left","14":"first","15":"outofstock","16":"taxable","17":"shipping-taxable","18":"purchasable","19":"product-type-variable","20":"has-default-attributes"},"_links":{"self":[{"href":"https:\/\/combi-pro.com\/fr\/wp-json\/wp\/v2\/product\/10525","targetHints":{"allow":["GET"]}}],"collection":[{"href":"https:\/\/combi-pro.com\/fr\/wp-json\/wp\/v2\/product"}],"about":[{"href":"https:\/\/combi-pro.com\/fr\/wp-json\/wp\/v2\/types\/product"}],"wp:featuredmedia":[{"embeddable":true,"href":"https:\/\/combi-pro.com\/fr\/wp-json\/wp\/v2\/media\/16628"}],"wp:attachment":[{"href":"https:\/\/combi-pro.com\/fr\/wp-json\/wp\/v2\/media?parent=10525"}],"wp:term":[{"taxonomy":"product_brand","embeddable":true,"href":"https:\/\/combi-pro.com\/fr\/wp-json\/wp\/v2\/product_brand?post=10525"},{"taxonomy":"product_cat","embeddable":true,"href":"https:\/\/combi-pro.com\/fr\/wp-json\/wp\/v2\/product_cat?post=10525"},{"taxonomy":"product_tag","embeddable":true,"href":"https:\/\/combi-pro.com\/fr\/wp-json\/wp\/v2\/product_tag?post=10525"}],"curies":[{"name":"wp","href":"https:\/\/api.w.org\/{rel}","templated":true}]}}

<div class="data item" role="tablist">
<div id="tab-label-description" class="data item title active" tabindex="0" role="tab" data-role="collapsible" data-collapsible="true" aria-controls="description" aria-selected="false" aria-expanded="true">
<p data-start="617" data-end="656"><strong data-start="624" data-end="654">Caractéristiques techniques :</strong></p>
<ul>
<li data-start="659" data-end="707">Verrouillage central avec boutons-pression dissimulés</li>
<li data-start="710" data-end="727">Col Mao</li>
<li data-start="730" data-end="771">Manche tailleur avec fente aux poignets</li>
<li data-start="774" data-end="818">1 poche plaquée sur la manche gauche</li>
</ul>
<p data-start="821" data-end="867"><strong data-start="821" data-end="831">Tissu</strong>Tissu : Twill - 100 coton % / 180 g/m².</p>
<p data-start="870" data-end="888"><strong data-start="870" data-end="878">Gamme</strong>: Cuisine</p>
<p data-start="895" data-end="929"><strong data-start="901" data-end="927">Recommandation d'utilisation :</strong></p>
<ul>
<li data-start="930" data-end="1074">Idéale pour les chefs et le personnel de cuisine à la recherche d'une veste confortable, durable et respirante pour un usage professionnel dans des environnements exigeants.</li>
</ul>
</div>
</div>

<p data-start="251" data-end="407">Veste de cuisine à manches longues 100% en coton, avec fermeture à glissière centrale et boutons-pression. Conception classique et confortable pour les professionnels de la cuisine.</p>
<p data-start="251" data-end="407"><img decoding="async" class="alignnone wp-image-15450" src="https://combi-pro.com/wp-content/uploads/2024/05/100-COTTON.png" alt="" width="117" height="40" srcset="https://combi-pro.com/wp-content/uploads/2024/05/100-COTTON.png 228w, https://combi-pro.com/wp-content/uploads/2024/05/100-COTTON-64x22.png 64w, https://combi-pro.com/wp-content/uploads/2024/05/100-COTTON-18x6.png 18w" sizes="(max-width: 117px) 100vw, 117px" /></p>
<p><a href="https://combi-pro.com/wp-content/uploads/2025/04/Guide-de-taille-Velilla_Partes-Superiores-y-Batas-Homme.jpg">guide des tailles</a></p>
<p>&nbsp;</p>
