{"id":10574,"date":"2024-05-30T10:36:59","date_gmt":"2024-05-30T08:36:59","guid":{"rendered":"https:\/\/combi-pro.com\/?post_type=product&#038;p=10574"},"modified":"2026-04-13T20:30:32","modified_gmt":"2026-04-13T18:30:32","slug":"405206-veste-de-cuisine-ml","status":"publish","type":"product","link":"https:\/\/combi-pro.com\/fr\/boutique\/405206-veste-de-cuisine-ml\/","title":{"rendered":"Veste de chef \u00e0 manches longues avec boutons-pression 405206 | VELILLA"},"content":{"rendered":"<div class=\"data item\" role=\"tablist\">\n<div id=\"tab-label-description\" class=\"data item title active\" tabindex=\"0\" role=\"tab\" data-role=\"collapsible\" data-collapsible=\"true\" aria-controls=\"description\" aria-selected=\"false\" aria-expanded=\"true\">\n<p data-start=\"621\" data-end=\"660\"><strong data-start=\"628\" data-end=\"658\">Caract\u00e9ristiques techniques :<\/strong><\/p>\n<ul>\n<li data-start=\"663\" data-end=\"723\">Fermeture centrale \u00e0 double boutonnage avec boutons-pression<\/li>\n<li data-start=\"726\" data-end=\"742\">Collier<\/li>\n<li data-start=\"745\" data-end=\"786\">Manche tailleur avec fente aux poignets<\/li>\n<li data-start=\"789\" data-end=\"810\">Pas de couture lat\u00e9rale<\/li>\n<li data-start=\"813\" data-end=\"857\">1 poche plaqu\u00e9e sur la manche gauche<\/li>\n<\/ul>\n<p><strong data-start=\"860\" data-end=\"870\">Tissu<\/strong>Plat - 65 % polyester, 35 % coton \/ 175 g\/m\u00b2.<\/p>\n<p data-start=\"924\" data-end=\"942\"><strong data-start=\"924\" data-end=\"932\">Gamme<\/strong>: Cuisine<\/p>\n<p><strong data-start=\"955\" data-end=\"981\">Recommandation d'utilisation :<\/strong><\/p>\n<ul>\n<li>Id\u00e9al pour les chefs et les professionnels de la cuisine qui ont besoin d'un v\u00eatement durable, confortable et pratique pour les longues journ\u00e9es de travail.<\/li>\n<\/ul>\n<\/div>\n<\/div>","protected":false},"excerpt":{"rendered":"<p data-start=\"299\" data-end=\"431\">Veste de cuisine professionnelle avec manches longues et boutons-pression. Conception confortable, durable et fonctionnelle pour un usage intensif.<\/p>\n<p><a href=\"https:\/\/combi-pro.com\/wp-content\/uploads\/2025\/04\/Guide-de-taille-Velilla_Partes-Superiores-y-Batas-Homme.jpg\">guide des tailles<\/a><\/p>\n<p>&nbsp;<\/p>","protected":false},"featured_media":16616,"template":"","meta":{"site-sidebar-layout":"default","site-content-layout":"","ast-site-content-layout":"default","site-content-style":"default","site-sidebar-style":"default","ast-global-header-display":"","ast-banner-title-visibility":"","ast-main-header-display":"","ast-hfb-above-header-display":"","ast-hfb-below-header-display":"","ast-hfb-mobile-header-display":"","site-post-title":"","ast-breadcrumbs-content":"","ast-featured-img":"","footer-sml-layout":"","ast-disable-related-posts":"","theme-transparent-header-meta":"default","adv-header-id-meta":"","stick-header-meta":"","header-above-stick-meta":"","header-main-stick-meta":"","header-below-stick-meta":"","astra-migrate-meta-layouts":"set","ast-page-background-enabled":"default","ast-page-background-meta":{"desktop":{"background-color":"","background-image":"","background-repeat":"repeat","background-position":"center center","background-size":"auto","background-attachment":"scroll","background-type":"","background-media":"","overlay-type":"","overlay-color":"","overlay-opacity":"","overlay-gradient":""},"tablet":{"background-color":"","background-image":"","background-repeat":"repeat","background-position":"center center","background-size":"auto","background-attachment":"scroll","background-type":"","background-media":"","overlay-type":"","overlay-color":"","overlay-opacity":"","overlay-gradient":""},"mobile":{"background-color":"","background-image":"","background-repeat":"repeat","background-position":"center center","background-size":"auto","background-attachment":"scroll","background-type":"","background-media":"","overlay-type":"","overlay-color":"","overlay-opacity":"","overlay-gradient":""}},"ast-content-background-meta":{"desktop":{"background-color":"var(--ast-global-color-5)","background-image":"","background-repeat":"repeat","background-position":"center center","background-size":"auto","background-attachment":"scroll","background-type":"","background-media":"","overlay-type":"","overlay-color":"","overlay-opacity":"","overlay-gradient":""},"tablet":{"background-color":"var(--ast-global-color-5)","background-image":"","background-repeat":"repeat","background-position":"center center","background-size":"auto","background-attachment":"scroll","background-type":"","background-media":"","overlay-type":"","overlay-color":"","overlay-opacity":"","overlay-gradient":""},"mobile":{"background-color":"var(--ast-global-color-5)","background-image":"","background-repeat":"repeat","background-position":"center center","background-size":"auto","background-attachment":"scroll","background-type":"","background-media":"","overlay-type":"","overlay-color":"","overlay-opacity":"","overlay-gradient":""}}},"product_brand":[442],"product_cat":[116,72,50],"product_tag":[],"class_list":{"0":"post-10574","1":"product","2":"type-product","3":"status-publish","4":"has-post-thumbnail","6":"product_brand-velilla","7":"product_cat-chaquetas-hosteleria","8":"product_cat-hosteleria","9":"product_cat-ropa-profesional","10":"desktop-align-center","11":"tablet-align-left","12":"mobile-align-left","14":"first","15":"instock","16":"taxable","17":"shipping-taxable","18":"purchasable","19":"product-type-variable","20":"has-default-attributes"},"_links":{"self":[{"href":"https:\/\/combi-pro.com\/fr\/wp-json\/wp\/v2\/product\/10574","targetHints":{"allow":["GET"]}}],"collection":[{"href":"https:\/\/combi-pro.com\/fr\/wp-json\/wp\/v2\/product"}],"about":[{"href":"https:\/\/combi-pro.com\/fr\/wp-json\/wp\/v2\/types\/product"}],"wp:featuredmedia":[{"embeddable":true,"href":"https:\/\/combi-pro.com\/fr\/wp-json\/wp\/v2\/media\/16616"}],"wp:attachment":[{"href":"https:\/\/combi-pro.com\/fr\/wp-json\/wp\/v2\/media?parent=10574"}],"wp:term":[{"taxonomy":"product_brand","embeddable":true,"href":"https:\/\/combi-pro.com\/fr\/wp-json\/wp\/v2\/product_brand?post=10574"},{"taxonomy":"product_cat","embeddable":true,"href":"https:\/\/combi-pro.com\/fr\/wp-json\/wp\/v2\/product_cat?post=10574"},{"taxonomy":"product_tag","embeddable":true,"href":"https:\/\/combi-pro.com\/fr\/wp-json\/wp\/v2\/product_tag?post=10574"}],"curies":[{"name":"wp","href":"https:\/\/api.w.org\/{rel}","templated":true}]}}

Veste de chef à manches longues avec boutons-pression 405206 | VELILLA

<div class="data item" role="tablist">
<div id="tab-label-description" class="data item title active" tabindex="0" role="tab" data-role="collapsible" data-collapsible="true" aria-controls="description" aria-selected="false" aria-expanded="true">
<p data-start="621" data-end="660"><strong data-start="628" data-end="658">Caractéristiques techniques :</strong></p>
<ul>
<li data-start="663" data-end="723">Fermeture centrale à double boutonnage avec boutons-pression</li>
<li data-start="726" data-end="742">Collier</li>
<li data-start="745" data-end="786">Manche tailleur avec fente aux poignets</li>
<li data-start="789" data-end="810">Pas de couture latérale</li>
<li data-start="813" data-end="857">1 poche plaquée sur la manche gauche</li>
</ul>
<p><strong data-start="860" data-end="870">Tissu</strong>Plat - 65 % polyester, 35 % coton / 175 g/m².</p>
<p data-start="924" data-end="942"><strong data-start="924" data-end="932">Gamme</strong>: Cuisine</p>
<p><strong data-start="955" data-end="981">Recommandation d'utilisation :</strong></p>
<ul>
<li>Idéal pour les chefs et les professionnels de la cuisine qui ont besoin d'un vêtement durable, confortable et pratique pour les longues journées de travail.</li>
</ul>
</div>
</div>
