{"id":10595,"date":"2024-05-30T18:53:51","date_gmt":"2024-05-30T16:53:51","guid":{"rendered":"https:\/\/combi-pro.com\/?post_type=product&#038;p=10595"},"modified":"2026-04-13T20:30:53","modified_gmt":"2026-04-13T18:30:53","slug":"404001-chapeau-de-cuisine-francais","status":"publish","type":"product","link":"https:\/\/combi-pro.com\/fr\/boutique\/404001-chapeau-de-cuisine-francais\/","title":{"rendered":"Chapeau fran\u00e7ais avec velcro 404001 | VELILLA"},"content":{"rendered":"<div class=\"data item\" role=\"tablist\">\n<div id=\"tab-label-description\" class=\"data item title active\" tabindex=\"0\" role=\"tab\" data-role=\"collapsible\" data-collapsible=\"true\" aria-controls=\"description\" aria-selected=\"false\" aria-expanded=\"true\">\n<p class=\"\" data-start=\"391\" data-end=\"420\"><strong data-start=\"391\" data-end=\"420\">Caract\u00e9ristiques techniques :<\/strong><\/p>\n<ul>\n<li data-start=\"424\" data-end=\"453\">Fermeture velcro \u00e0 l'arri\u00e8re<\/li>\n<li data-start=\"456\" data-end=\"497\">Les fronces permettent un meilleur ajustement et une meilleure ventilation<\/li>\n<li data-start=\"500\" data-end=\"526\">Disponible en 25 couleurs<\/li>\n<\/ul>\n<p class=\"\" data-start=\"528\" data-end=\"540\"><strong data-start=\"528\" data-end=\"540\">Tissus :<\/strong><\/p>\n<ul>\n<li data-start=\"542\" data-end=\"592\">Twill - 65 % polyester \/ 35 % coton \/ 190 g\/m\u00b2.<\/li>\n<\/ul>\n<p class=\"\" data-start=\"626\" data-end=\"651\"><strong data-start=\"626\" data-end=\"651\">Recommandation d'utilisation :<\/strong><\/p>\n<ul>\n<li data-start=\"653\" data-end=\"786\">Id\u00e9al pour les chefs, les boulangers ou le personnel de restauration qui recherchent un chapeau professionnel et ajustable avec une bonne pr\u00e9sentation visuelle.<\/li>\n<\/ul>\n<\/div>\n<\/div>","protected":false},"excerpt":{"rendered":"<p>Casquette \u00e0 la taille avec fermeture velcro \u00e0 l'arri\u00e8re, disponible en 25 couleurs. Fabriqu\u00e9e en serg\u00e9 durable, elle offre un confort et une tenue adapt\u00e9s aux environnements professionnels.<\/p>\n<p><a href=\"https:\/\/combi-pro.com\/wp-content\/uploads\/2025\/04\/Guide-de-taille-Velilla_Partes-Superiores-y-Batas-Homme.jpg\">guide des tailles<\/a><\/p>","protected":false},"featured_media":10636,"template":"","meta":{"site-sidebar-layout":"default","site-content-layout":"","ast-site-content-layout":"default","site-content-style":"default","site-sidebar-style":"default","ast-global-header-display":"","ast-banner-title-visibility":"","ast-main-header-display":"","ast-hfb-above-header-display":"","ast-hfb-below-header-display":"","ast-hfb-mobile-header-display":"","site-post-title":"","ast-breadcrumbs-content":"","ast-featured-img":"","footer-sml-layout":"","ast-disable-related-posts":"","theme-transparent-header-meta":"default","adv-header-id-meta":"","stick-header-meta":"","header-above-stick-meta":"","header-main-stick-meta":"","header-below-stick-meta":"","astra-migrate-meta-layouts":"set","ast-page-background-enabled":"default","ast-page-background-meta":{"desktop":{"background-color":"","background-image":"","background-repeat":"repeat","background-position":"center center","background-size":"auto","background-attachment":"scroll","background-type":"","background-media":"","overlay-type":"","overlay-color":"","overlay-opacity":"","overlay-gradient":""},"tablet":{"background-color":"","background-image":"","background-repeat":"repeat","background-position":"center center","background-size":"auto","background-attachment":"scroll","background-type":"","background-media":"","overlay-type":"","overlay-color":"","overlay-opacity":"","overlay-gradient":""},"mobile":{"background-color":"","background-image":"","background-repeat":"repeat","background-position":"center center","background-size":"auto","background-attachment":"scroll","background-type":"","background-media":"","overlay-type":"","overlay-color":"","overlay-opacity":"","overlay-gradient":""}},"ast-content-background-meta":{"desktop":{"background-color":"var(--ast-global-color-5)","background-image":"","background-repeat":"repeat","background-position":"center center","background-size":"auto","background-attachment":"scroll","background-type":"","background-media":"","overlay-type":"","overlay-color":"","overlay-opacity":"","overlay-gradient":""},"tablet":{"background-color":"var(--ast-global-color-5)","background-image":"","background-repeat":"repeat","background-position":"center center","background-size":"auto","background-attachment":"scroll","background-type":"","background-media":"","overlay-type":"","overlay-color":"","overlay-opacity":"","overlay-gradient":""},"mobile":{"background-color":"var(--ast-global-color-5)","background-image":"","background-repeat":"repeat","background-position":"center center","background-size":"auto","background-attachment":"scroll","background-type":"","background-media":"","overlay-type":"","overlay-color":"","overlay-opacity":"","overlay-gradient":""}}},"product_brand":[442],"product_cat":[115,72,50],"product_tag":[],"class_list":{"0":"post-10595","1":"product","2":"type-product","3":"status-publish","4":"has-post-thumbnail","6":"product_brand-velilla","7":"product_cat-complementos-hosteleria","8":"product_cat-hosteleria","9":"product_cat-ropa-profesional","10":"desktop-align-center","11":"tablet-align-left","12":"mobile-align-left","14":"first","15":"instock","16":"taxable","17":"shipping-taxable","18":"purchasable","19":"product-type-variable","20":"has-default-attributes"},"_links":{"self":[{"href":"https:\/\/combi-pro.com\/fr\/wp-json\/wp\/v2\/product\/10595","targetHints":{"allow":["GET"]}}],"collection":[{"href":"https:\/\/combi-pro.com\/fr\/wp-json\/wp\/v2\/product"}],"about":[{"href":"https:\/\/combi-pro.com\/fr\/wp-json\/wp\/v2\/types\/product"}],"wp:featuredmedia":[{"embeddable":true,"href":"https:\/\/combi-pro.com\/fr\/wp-json\/wp\/v2\/media\/10636"}],"wp:attachment":[{"href":"https:\/\/combi-pro.com\/fr\/wp-json\/wp\/v2\/media?parent=10595"}],"wp:term":[{"taxonomy":"product_brand","embeddable":true,"href":"https:\/\/combi-pro.com\/fr\/wp-json\/wp\/v2\/product_brand?post=10595"},{"taxonomy":"product_cat","embeddable":true,"href":"https:\/\/combi-pro.com\/fr\/wp-json\/wp\/v2\/product_cat?post=10595"},{"taxonomy":"product_tag","embeddable":true,"href":"https:\/\/combi-pro.com\/fr\/wp-json\/wp\/v2\/product_tag?post=10595"}],"curies":[{"name":"wp","href":"https:\/\/api.w.org\/{rel}","templated":true}]}}

Chapeau français avec velcro 404001 | VELILLA

<div class="data item" role="tablist">
<div id="tab-label-description" class="data item title active" tabindex="0" role="tab" data-role="collapsible" data-collapsible="true" aria-controls="description" aria-selected="false" aria-expanded="true">
<p class="" data-start="391" data-end="420"><strong data-start="391" data-end="420">Caractéristiques techniques :</strong></p>
<ul>
<li data-start="424" data-end="453">Fermeture velcro à l'arrière</li>
<li data-start="456" data-end="497">Les fronces permettent un meilleur ajustement et une meilleure ventilation</li>
<li data-start="500" data-end="526">Disponible en 25 couleurs</li>
</ul>
<p class="" data-start="528" data-end="540"><strong data-start="528" data-end="540">Tissus :</strong></p>
<ul>
<li data-start="542" data-end="592">Twill - 65 % polyester / 35 % coton / 190 g/m².</li>
</ul>
<p class="" data-start="626" data-end="651"><strong data-start="626" data-end="651">Recommandation d'utilisation :</strong></p>
<ul>
<li data-start="653" data-end="786">Idéal pour les chefs, les boulangers ou le personnel de restauration qui recherchent un chapeau professionnel et ajustable avec une bonne présentation visuelle.</li>
</ul>
</div>
</div>

<p>Casquette à la taille avec fermeture velcro à l'arrière, disponible en 25 couleurs. Fabriquée en sergé durable, elle offre un confort et une tenue adaptés aux environnements professionnels.</p>
<p><a href="https://combi-pro.com/wp-content/uploads/2025/04/Guide-de-taille-Velilla_Partes-Superiores-y-Batas-Homme.jpg">guide des tailles</a></p>
