{"id":10914,"date":"2024-06-13T21:22:45","date_gmt":"2024-06-13T19:22:45","guid":{"rendered":"https:\/\/combi-pro.com\/?post_type=product&#038;p=10914"},"modified":"2026-04-13T20:31:28","modified_gmt":"2026-04-13T18:31:28","slug":"404003-bec-de-cuisine","status":"publish","type":"product","link":"https:\/\/combi-pro.com\/fr\/boutique\/404003-bec-de-cuisine\/","title":{"rendered":"Collier triangulaire 404003 | VELILLA"},"content":{"rendered":"<div class=\"data item\" role=\"tablist\">\n<div id=\"tab-label-description\" class=\"data item title active\" tabindex=\"0\" role=\"tab\" data-role=\"collapsible\" data-collapsible=\"true\" aria-controls=\"description\" aria-selected=\"false\" aria-expanded=\"true\">\n<p class=\"\" data-start=\"738\" data-end=\"767\"><strong data-start=\"738\" data-end=\"767\">Caract\u00e9ristiques techniques :<\/strong><\/p>\n<ul>\n<li data-start=\"771\" data-end=\"811\">Echarpe triangulaire \u00e0 nouer autour du cou<\/li>\n<li data-start=\"814\" data-end=\"827\">Taille unique<\/li>\n<li data-start=\"830\" data-end=\"856\">Disponible en 25 couleurs<\/li>\n<\/ul>\n<p class=\"\" data-start=\"858\" data-end=\"870\"><strong data-start=\"858\" data-end=\"870\">Tissus :<\/strong><\/p>\n<ul>\n<li data-start=\"872\" data-end=\"922\">Twill - 65 % polyester \/ 35 % coton \/ 190 g\/m\u00b2.<\/li>\n<\/ul>\n<p class=\"\" data-start=\"955\" data-end=\"980\"><strong data-start=\"955\" data-end=\"980\">Recommandation d'utilisation :<\/strong><\/p>\n<ul>\n<li data-start=\"982\" data-end=\"1114\">Recommand\u00e9 pour les serveurs, les serveuses, le personnel de service ou le personnel de vente au d\u00e9tail \u00e0 la recherche d'un accessoire pratique, l\u00e9ger et d'une image professionnelle uniforme.<\/li>\n<\/ul>\n<\/div>\n<\/div>","protected":false},"excerpt":{"rendered":"<p class=\"\" data-start=\"591\" data-end=\"736\">Tour de cou professionnel, id\u00e9al pour compl\u00e9ter les uniformes avec un accessoire confortable et classique, disponible dans une large gamme de couleurs.<\/p>\n<p><a href=\"https:\/\/combi-pro.com\/wp-content\/uploads\/2025\/04\/Guide-de-taille-Velilla_Partes-Superiores-y-Batas-Homme.jpg\">guide des tailles<\/a><\/p>","protected":false},"featured_media":10790,"template":"","meta":{"site-sidebar-layout":"default","site-content-layout":"","ast-site-content-layout":"default","site-content-style":"default","site-sidebar-style":"default","ast-global-header-display":"","ast-banner-title-visibility":"","ast-main-header-display":"","ast-hfb-above-header-display":"","ast-hfb-below-header-display":"","ast-hfb-mobile-header-display":"","site-post-title":"","ast-breadcrumbs-content":"","ast-featured-img":"","footer-sml-layout":"","ast-disable-related-posts":"","theme-transparent-header-meta":"default","adv-header-id-meta":"","stick-header-meta":"","header-above-stick-meta":"","header-main-stick-meta":"","header-below-stick-meta":"","astra-migrate-meta-layouts":"set","ast-page-background-enabled":"default","ast-page-background-meta":{"desktop":{"background-color":"","background-image":"","background-repeat":"repeat","background-position":"center center","background-size":"auto","background-attachment":"scroll","background-type":"","background-media":"","overlay-type":"","overlay-color":"","overlay-opacity":"","overlay-gradient":""},"tablet":{"background-color":"","background-image":"","background-repeat":"repeat","background-position":"center center","background-size":"auto","background-attachment":"scroll","background-type":"","background-media":"","overlay-type":"","overlay-color":"","overlay-opacity":"","overlay-gradient":""},"mobile":{"background-color":"","background-image":"","background-repeat":"repeat","background-position":"center center","background-size":"auto","background-attachment":"scroll","background-type":"","background-media":"","overlay-type":"","overlay-color":"","overlay-opacity":"","overlay-gradient":""}},"ast-content-background-meta":{"desktop":{"background-color":"var(--ast-global-color-5)","background-image":"","background-repeat":"repeat","background-position":"center center","background-size":"auto","background-attachment":"scroll","background-type":"","background-media":"","overlay-type":"","overlay-color":"","overlay-opacity":"","overlay-gradient":""},"tablet":{"background-color":"var(--ast-global-color-5)","background-image":"","background-repeat":"repeat","background-position":"center center","background-size":"auto","background-attachment":"scroll","background-type":"","background-media":"","overlay-type":"","overlay-color":"","overlay-opacity":"","overlay-gradient":""},"mobile":{"background-color":"var(--ast-global-color-5)","background-image":"","background-repeat":"repeat","background-position":"center center","background-size":"auto","background-attachment":"scroll","background-type":"","background-media":"","overlay-type":"","overlay-color":"","overlay-opacity":"","overlay-gradient":""}}},"product_brand":[442],"product_cat":[115,72,50],"product_tag":[],"class_list":{"0":"post-10914","1":"product","2":"type-product","3":"status-publish","4":"has-post-thumbnail","6":"product_brand-velilla","7":"product_cat-complementos-hosteleria","8":"product_cat-hosteleria","9":"product_cat-ropa-profesional","10":"desktop-align-center","11":"tablet-align-left","12":"mobile-align-left","14":"first","15":"instock","16":"taxable","17":"shipping-taxable","18":"purchasable","19":"product-type-variable","20":"has-default-attributes"},"_links":{"self":[{"href":"https:\/\/combi-pro.com\/fr\/wp-json\/wp\/v2\/product\/10914","targetHints":{"allow":["GET"]}}],"collection":[{"href":"https:\/\/combi-pro.com\/fr\/wp-json\/wp\/v2\/product"}],"about":[{"href":"https:\/\/combi-pro.com\/fr\/wp-json\/wp\/v2\/types\/product"}],"wp:featuredmedia":[{"embeddable":true,"href":"https:\/\/combi-pro.com\/fr\/wp-json\/wp\/v2\/media\/10790"}],"wp:attachment":[{"href":"https:\/\/combi-pro.com\/fr\/wp-json\/wp\/v2\/media?parent=10914"}],"wp:term":[{"taxonomy":"product_brand","embeddable":true,"href":"https:\/\/combi-pro.com\/fr\/wp-json\/wp\/v2\/product_brand?post=10914"},{"taxonomy":"product_cat","embeddable":true,"href":"https:\/\/combi-pro.com\/fr\/wp-json\/wp\/v2\/product_cat?post=10914"},{"taxonomy":"product_tag","embeddable":true,"href":"https:\/\/combi-pro.com\/fr\/wp-json\/wp\/v2\/product_tag?post=10914"}],"curies":[{"name":"wp","href":"https:\/\/api.w.org\/{rel}","templated":true}]}}

<div class="data item" role="tablist">
<div id="tab-label-description" class="data item title active" tabindex="0" role="tab" data-role="collapsible" data-collapsible="true" aria-controls="description" aria-selected="false" aria-expanded="true">
<p class="" data-start="738" data-end="767"><strong data-start="738" data-end="767">Caractéristiques techniques :</strong></p>
<ul>
<li data-start="771" data-end="811">Echarpe triangulaire à nouer autour du cou</li>
<li data-start="814" data-end="827">Taille unique</li>
<li data-start="830" data-end="856">Disponible en 25 couleurs</li>
</ul>
<p class="" data-start="858" data-end="870"><strong data-start="858" data-end="870">Tissus :</strong></p>
<ul>
<li data-start="872" data-end="922">Twill - 65 % polyester / 35 % coton / 190 g/m².</li>
</ul>
<p class="" data-start="955" data-end="980"><strong data-start="955" data-end="980">Recommandation d'utilisation :</strong></p>
<ul>
<li data-start="982" data-end="1114">Recommandé pour les serveurs, les serveuses, le personnel de service ou le personnel de vente au détail à la recherche d'un accessoire pratique, léger et d'une image professionnelle uniforme.</li>
</ul>
</div>
</div>

<p class="" data-start="591" data-end="736">Tour de cou professionnel, idéal pour compléter les uniformes avec un accessoire confortable et classique, disponible dans une large gamme de couleurs.</p>
<p><a href="https://combi-pro.com/wp-content/uploads/2025/04/Guide-de-taille-Velilla_Partes-Superiores-y-Batas-Homme.jpg">guide des tailles</a></p>
