{"id":11030,"date":"2024-06-14T09:29:35","date_gmt":"2024-06-14T07:29:35","guid":{"rendered":"https:\/\/combi-pro.com\/?post_type=product&#038;p=11030"},"modified":"2026-04-13T20:31:40","modified_gmt":"2026-04-13T18:31:40","slug":"82-chapeau-de-cuisine","status":"publish","type":"product","link":"https:\/\/combi-pro.com\/fr\/boutique\/82-chapeau-de-cuisine\/","title":{"rendered":"Casquette de cuisine classique 82 | VELILLA"},"content":{"rendered":"<div class=\"data item\" role=\"tablist\">\n<div id=\"tab-label-description\" class=\"data item title active\" tabindex=\"0\" role=\"tab\" data-role=\"collapsible\" data-collapsible=\"true\" aria-controls=\"description\" aria-selected=\"false\" aria-expanded=\"true\">\n<p class=\"\" data-start=\"423\" data-end=\"452\"><strong data-start=\"423\" data-end=\"452\">Caract\u00e9ristiques techniques :<\/strong><\/p>\n<ul>\n<li data-start=\"456\" data-end=\"514\">Grille en haut pour une ventilation optimale<\/li>\n<li data-start=\"517\" data-end=\"540\">Respirant et l\u00e9ger<\/li>\n<li data-start=\"543\" data-end=\"591\">Coupe confortable<\/li>\n<\/ul>\n<p class=\"\" data-start=\"593\" data-end=\"605\"><strong data-start=\"593\" data-end=\"605\">Tissus :<\/strong><\/p>\n<ul data-start=\"607\" data-end=\"699\">\n<li class=\"\" data-start=\"607\" data-end=\"659\">\n<p class=\"\" data-start=\"609\" data-end=\"659\">Twill - 65 % polyester \/ 35 % coton \/ 190 g\/m\u00b2.<\/p>\n<\/li>\n<li class=\"\" data-start=\"660\" data-end=\"699\">\n<p class=\"\" data-start=\"662\" data-end=\"699\">Maille - 100 polyester % \/ 62 g\/m\u00b2.<\/p>\n<\/li>\n<\/ul>\n<p class=\"\" data-start=\"733\" data-end=\"758\"><strong data-start=\"733\" data-end=\"758\">Recommandation d'utilisation :<\/strong><\/p>\n<ul>\n<li data-start=\"760\" data-end=\"912\">Recommand\u00e9 pour les chefs et les cuisiniers \u00e0 la recherche d'un v\u00eatement confortable, hygi\u00e9nique et frais, en particulier dans les cuisines soumises \u00e0 des temp\u00e9ratures \u00e9lev\u00e9es ou \u00e0 de longues p\u00e9riodes de travail.<\/li>\n<\/ul>\n<\/div>\n<\/div>","protected":false},"excerpt":{"rendered":"<p>Casquette de travail avec grille sup\u00e9rieure pour la respirabilit\u00e9. Fabriqu\u00e9e en serg\u00e9 durable, elle est id\u00e9ale pour le travail en cuisine, dans l'industrie ou dans les environnements chauds.<\/p>\n<p><a href=\"https:\/\/combi-pro.com\/wp-content\/uploads\/2025\/04\/Guide-de-taille-Velilla_Partes-Superiores-y-Batas-Homme.jpg\">guide des tailles<\/a><\/p>\n<p>&nbsp;<\/p>","protected":false},"featured_media":11032,"template":"","meta":{"site-sidebar-layout":"default","site-content-layout":"","ast-site-content-layout":"default","site-content-style":"default","site-sidebar-style":"default","ast-global-header-display":"","ast-banner-title-visibility":"","ast-main-header-display":"","ast-hfb-above-header-display":"","ast-hfb-below-header-display":"","ast-hfb-mobile-header-display":"","site-post-title":"","ast-breadcrumbs-content":"","ast-featured-img":"","footer-sml-layout":"","ast-disable-related-posts":"","theme-transparent-header-meta":"default","adv-header-id-meta":"","stick-header-meta":"","header-above-stick-meta":"","header-main-stick-meta":"","header-below-stick-meta":"","astra-migrate-meta-layouts":"set","ast-page-background-enabled":"default","ast-page-background-meta":{"desktop":{"background-color":"","background-image":"","background-repeat":"repeat","background-position":"center center","background-size":"auto","background-attachment":"scroll","background-type":"","background-media":"","overlay-type":"","overlay-color":"","overlay-opacity":"","overlay-gradient":""},"tablet":{"background-color":"","background-image":"","background-repeat":"repeat","background-position":"center center","background-size":"auto","background-attachment":"scroll","background-type":"","background-media":"","overlay-type":"","overlay-color":"","overlay-opacity":"","overlay-gradient":""},"mobile":{"background-color":"","background-image":"","background-repeat":"repeat","background-position":"center center","background-size":"auto","background-attachment":"scroll","background-type":"","background-media":"","overlay-type":"","overlay-color":"","overlay-opacity":"","overlay-gradient":""}},"ast-content-background-meta":{"desktop":{"background-color":"var(--ast-global-color-5)","background-image":"","background-repeat":"repeat","background-position":"center center","background-size":"auto","background-attachment":"scroll","background-type":"","background-media":"","overlay-type":"","overlay-color":"","overlay-opacity":"","overlay-gradient":""},"tablet":{"background-color":"var(--ast-global-color-5)","background-image":"","background-repeat":"repeat","background-position":"center center","background-size":"auto","background-attachment":"scroll","background-type":"","background-media":"","overlay-type":"","overlay-color":"","overlay-opacity":"","overlay-gradient":""},"mobile":{"background-color":"var(--ast-global-color-5)","background-image":"","background-repeat":"repeat","background-position":"center center","background-size":"auto","background-attachment":"scroll","background-type":"","background-media":"","overlay-type":"","overlay-color":"","overlay-opacity":"","overlay-gradient":""}}},"product_brand":[442],"product_cat":[115,72,50],"product_tag":[],"class_list":{"0":"post-11030","1":"product","2":"type-product","3":"status-publish","4":"has-post-thumbnail","6":"product_brand-velilla","7":"product_cat-complementos-hosteleria","8":"product_cat-hosteleria","9":"product_cat-ropa-profesional","10":"desktop-align-center","11":"tablet-align-left","12":"mobile-align-left","14":"first","15":"outofstock","16":"taxable","17":"shipping-taxable","18":"purchasable","19":"product-type-variable"},"_links":{"self":[{"href":"https:\/\/combi-pro.com\/fr\/wp-json\/wp\/v2\/product\/11030","targetHints":{"allow":["GET"]}}],"collection":[{"href":"https:\/\/combi-pro.com\/fr\/wp-json\/wp\/v2\/product"}],"about":[{"href":"https:\/\/combi-pro.com\/fr\/wp-json\/wp\/v2\/types\/product"}],"wp:featuredmedia":[{"embeddable":true,"href":"https:\/\/combi-pro.com\/fr\/wp-json\/wp\/v2\/media\/11032"}],"wp:attachment":[{"href":"https:\/\/combi-pro.com\/fr\/wp-json\/wp\/v2\/media?parent=11030"}],"wp:term":[{"taxonomy":"product_brand","embeddable":true,"href":"https:\/\/combi-pro.com\/fr\/wp-json\/wp\/v2\/product_brand?post=11030"},{"taxonomy":"product_cat","embeddable":true,"href":"https:\/\/combi-pro.com\/fr\/wp-json\/wp\/v2\/product_cat?post=11030"},{"taxonomy":"product_tag","embeddable":true,"href":"https:\/\/combi-pro.com\/fr\/wp-json\/wp\/v2\/product_tag?post=11030"}],"curies":[{"name":"wp","href":"https:\/\/api.w.org\/{rel}","templated":true}]}}

<div class="data item" role="tablist">
<div id="tab-label-description" class="data item title active" tabindex="0" role="tab" data-role="collapsible" data-collapsible="true" aria-controls="description" aria-selected="false" aria-expanded="true">
<p class="" data-start="423" data-end="452"><strong data-start="423" data-end="452">Caractéristiques techniques :</strong></p>
<ul>
<li data-start="456" data-end="514">Grille en haut pour une ventilation optimale</li>
<li data-start="517" data-end="540">Respirant et léger</li>
<li data-start="543" data-end="591">Coupe confortable</li>
</ul>
<p class="" data-start="593" data-end="605"><strong data-start="593" data-end="605">Tissus :</strong></p>
<ul data-start="607" data-end="699">
<li class="" data-start="607" data-end="659">
<p class="" data-start="609" data-end="659">Twill - 65 % polyester / 35 % coton / 190 g/m².</p>
</li>
<li class="" data-start="660" data-end="699">
<p class="" data-start="662" data-end="699">Maille - 100 polyester % / 62 g/m².</p>
</li>
</ul>
<p class="" data-start="733" data-end="758"><strong data-start="733" data-end="758">Recommandation d'utilisation :</strong></p>
<ul>
<li data-start="760" data-end="912">Recommandé pour les chefs et les cuisiniers à la recherche d'un vêtement confortable, hygiénique et frais, en particulier dans les cuisines soumises à des températures élevées ou à de longues périodes de travail.</li>
</ul>
</div>
</div>

<p>Casquette de travail avec grille supérieure pour la respirabilité. Fabriquée en sergé durable, elle est idéale pour le travail en cuisine, dans l'industrie ou dans les environnements chauds.</p>
<p><a href="https://combi-pro.com/wp-content/uploads/2025/04/Guide-de-taille-Velilla_Partes-Superiores-y-Batas-Homme.jpg">guide des tailles</a></p>
<p>&nbsp;</p>
