{"id":11108,"date":"2024-07-12T12:08:58","date_gmt":"2024-07-12T10:08:58","guid":{"rendered":"https:\/\/combi-pro.com\/?post_type=product&#038;p=11108"},"modified":"2026-04-13T20:32:19","modified_gmt":"2026-04-13T18:32:19","slug":"306002-parka-bicolore-av","status":"publish","type":"product","link":"https:\/\/combi-pro.com\/fr\/boutique\/306002-parka-bicolore-av\/","title":{"rendered":"Parka bicolore haute visibilit\u00e9 306002 | VELILLA"},"content":{"rendered":"<p data-start=\"451\" data-end=\"488\"><strong data-start=\"457\" data-end=\"488\">Caract\u00e9ristiques principales :<\/strong><\/p>\n<ul>\n<li data-start=\"492\" data-end=\"603\">Ouverture sp\u00e9ciale dans le dos avec fermeture \u00e9clair pour faciliter la personnalisation par s\u00e9rigraphie.<\/li>\n<li data-start=\"606\" data-end=\"730\">Fermeture centrale \u00e0 glissi\u00e8re dissimul\u00e9e par un rabat en velcro pour une protection suppl\u00e9mentaire contre le vent et la pluie.<\/li>\n<li data-start=\"733\" data-end=\"846\">Les bandes r\u00e9fl\u00e9chissantes sur le torse et les manches assurent une grande visibilit\u00e9 dans des conditions de faible luminosit\u00e9.<\/li>\n<li data-start=\"849\" data-end=\"936\">Capuche cach\u00e9e dans le col, pr\u00eate \u00e0 l'emploi en cas de pluie ou de vent fort.<\/li>\n<li data-start=\"939\" data-end=\"1010\">Poignets c\u00f4tel\u00e9s, qui isolent du froid et assurent un ajustement confortable.<\/li>\n<li data-start=\"1013\" data-end=\"1043\">3 poches fonctionnelles :<\/li>\n<li data-start=\"1048\" data-end=\"1102\">2 poches basses plaqu\u00e9es avec rabat et velcro<\/li>\n<li data-start=\"1107\" data-end=\"1147\">1 poche int\u00e9rieure plaqu\u00e9e avec velcro<\/li>\n<\/ul>\n<p data-start=\"1154\" data-end=\"1184\"><strong data-start=\"1162\" data-end=\"1182\">Certifications :<\/strong><\/p>\n<ul>\n<li data-start=\"1187\" data-end=\"1264\">EN 20471 (CLASSE 2) - Visibilit\u00e9 ad\u00e9quate pour les travaux \u00e0 risque moyen.<\/li>\n<li data-start=\"1267\" data-end=\"1390\">EN 343 (1\/1\/X) - Protection contre la pluie et l'humidit\u00e9 (r\u00e9sistance \u00e0 l'eau : niveau 1 \/ respirabilit\u00e9 : niveau 1).<\/li>\n<\/ul>\n<p data-start=\"1397\" data-end=\"1416\"><strong data-start=\"1405\" data-end=\"1414\">Gamme : <\/strong>V\u00eatements d'ext\u00e9rieur<\/p>\n<p data-start=\"1437\" data-end=\"1458\"><strong data-start=\"1444\" data-end=\"1456\">Tissus :<\/strong><\/p>\n<ul>\n<li data-start=\"1461\" data-end=\"1526\">Mati\u00e8re ext\u00e9rieure : polyester 100% avec enduction PU \/ 190 g\/m\u00b2.<\/li>\n<li data-start=\"1529\" data-end=\"1566\">Doublure : 100% polyester \/ 60 g\/m\u00b2.<\/li>\n<li data-start=\"1569\" data-end=\"1617\">Ouate : 100% polyester \/ 160 g\/m\u00b2.<\/li>\n<\/ul>\n<p data-start=\"1624\" data-end=\"1650\"><strong data-start=\"1630\" data-end=\"1648\">Recommandation : <\/strong>Parfait pour les travailleurs dans des secteurs tels que la logistique, l'entretien urbain, la s\u00e9curit\u00e9 ou la construction l\u00e9g\u00e8re, qui ont besoin d'une protection thermique, d'une visibilit\u00e9 moyenne et de la possibilit\u00e9 de personnaliser leur entreprise.<\/p>\n<p data-start=\"1624\" data-end=\"1650\"><img decoding=\"async\" class=\"alignnone wp-image-14962\" src=\"https:\/\/combi-pro.com\/wp-content\/uploads\/2025\/01\/bordado-mukua.jpg\" alt=\"\" width=\"60\" height=\"60\" srcset=\"https:\/\/combi-pro.com\/wp-content\/uploads\/2025\/01\/bordado-mukua.jpg 427w, https:\/\/combi-pro.com\/wp-content\/uploads\/2025\/01\/bordado-mukua-100x100.jpg 100w, https:\/\/combi-pro.com\/wp-content\/uploads\/2025\/01\/bordado-mukua-64x64.jpg 64w, https:\/\/combi-pro.com\/wp-content\/uploads\/2025\/01\/bordado-mukua-300x300.jpg 300w, https:\/\/combi-pro.com\/wp-content\/uploads\/2025\/01\/bordado-mukua-150x150.jpg 150w, https:\/\/combi-pro.com\/wp-content\/uploads\/2025\/01\/bordado-mukua-12x12.jpg 12w\" sizes=\"(max-width: 60px) 100vw, 60px\" \/> <img decoding=\"async\" class=\"alignnone wp-image-14960\" src=\"https:\/\/combi-pro.com\/wp-content\/uploads\/2025\/01\/impresion-mukua-300x300.jpg\" alt=\"\" width=\"60\" height=\"60\" srcset=\"https:\/\/combi-pro.com\/wp-content\/uploads\/2025\/01\/impresion-mukua-300x300.jpg 300w, https:\/\/combi-pro.com\/wp-content\/uploads\/2025\/01\/impresion-mukua-100x100.jpg 100w, https:\/\/combi-pro.com\/wp-content\/uploads\/2025\/01\/impresion-mukua-64x64.jpg 64w, https:\/\/combi-pro.com\/wp-content\/uploads\/2025\/01\/impresion-mukua-150x150.jpg 150w, https:\/\/combi-pro.com\/wp-content\/uploads\/2025\/01\/impresion-mukua-12x12.jpg 12w, https:\/\/combi-pro.com\/wp-content\/uploads\/2025\/01\/impresion-mukua.jpg 427w\" sizes=\"(max-width: 60px) 100vw, 60px\" \/><\/p>","protected":false},"excerpt":{"rendered":"<p class=\"\" data-start=\"197\" data-end=\"350\">Parka bicolore \u00e0 haute visibilit\u00e9, imperm\u00e9able et isolante, con\u00e7ue pour offrir s\u00e9curit\u00e9, confort et protection dans des conditions de travail d\u00e9favorables.<\/p>\n<p data-start=\"0\" data-end=\"444\"><img decoding=\"async\" class=\"alignnone wp-image-15250\" src=\"https:\/\/combi-pro.com\/wp-content\/uploads\/2024\/05\/en204712-300x285.png\" alt=\"\" width=\"42\" height=\"40\" srcset=\"https:\/\/combi-pro.com\/wp-content\/uploads\/2024\/05\/en204712-300x285.png 300w, https:\/\/combi-pro.com\/wp-content\/uploads\/2024\/05\/en204712-450x428.png 450w, https:\/\/combi-pro.com\/wp-content\/uploads\/2024\/05\/en204712-64x61.png 64w, https:\/\/combi-pro.com\/wp-content\/uploads\/2024\/05\/en204712-13x12.png 13w, https:\/\/combi-pro.com\/wp-content\/uploads\/2024\/05\/en204712.png 516w\" sizes=\"(max-width: 42px) 100vw, 42px\" \/> <img loading=\"lazy\" decoding=\"async\" class=\"alignnone wp-image-15375\" src=\"https:\/\/combi-pro.com\/wp-content\/uploads\/2024\/07\/RAINPROOF.png\" alt=\"\" width=\"203\" height=\"40\" srcset=\"https:\/\/combi-pro.com\/wp-content\/uploads\/2024\/07\/RAINPROOF.png 228w, https:\/\/combi-pro.com\/wp-content\/uploads\/2024\/07\/RAINPROOF-64x13.png 64w, https:\/\/combi-pro.com\/wp-content\/uploads\/2024\/07\/RAINPROOF-18x4.png 18w\" sizes=\"(max-width: 203px) 100vw, 203px\" \/> <img loading=\"lazy\" decoding=\"async\" class=\"alignnone wp-image-15227\" src=\"https:\/\/combi-pro.com\/wp-content\/uploads\/2025\/04\/icon-3layer.png\" alt=\"\" width=\"40\" height=\"40\" srcset=\"https:\/\/combi-pro.com\/wp-content\/uploads\/2025\/04\/icon-3layer.png 134w, https:\/\/combi-pro.com\/wp-content\/uploads\/2025\/04\/icon-3layer-100x100.png 100w, https:\/\/combi-pro.com\/wp-content\/uploads\/2025\/04\/icon-3layer-64x64.png 64w, https:\/\/combi-pro.com\/wp-content\/uploads\/2025\/04\/icon-3layer-12x12.png 12w\" sizes=\"(max-width: 40px) 100vw, 40px\" \/> <img loading=\"lazy\" decoding=\"async\" class=\"alignnone wp-image-15251\" src=\"https:\/\/combi-pro.com\/wp-content\/uploads\/2024\/05\/REFLATEX-300x88.png\" alt=\"\" width=\"136\" height=\"40\" srcset=\"https:\/\/combi-pro.com\/wp-content\/uploads\/2024\/05\/REFLATEX-300x88.png 300w, https:\/\/combi-pro.com\/wp-content\/uploads\/2024\/05\/REFLATEX-450x133.png 450w, https:\/\/combi-pro.com\/wp-content\/uploads\/2024\/05\/REFLATEX-64x19.png 64w, https:\/\/combi-pro.com\/wp-content\/uploads\/2024\/05\/REFLATEX-18x5.png 18w, https:\/\/combi-pro.com\/wp-content\/uploads\/2024\/05\/REFLATEX.png 475w\" sizes=\"(max-width: 136px) 100vw, 136px\" \/><\/p>\n<p><strong>GUIDE DES TAILLES<\/strong><\/p>\n<p><img loading=\"lazy\" decoding=\"async\" class=\"alignnone wp-image-17752\" src=\"https:\/\/combi-pro.com\/wp-content\/uploads\/2024\/07\/81.5-93.4-screenshot-1749924390209-300x131.png\" alt=\"\" width=\"274\" height=\"120\" srcset=\"https:\/\/combi-pro.com\/wp-content\/uploads\/2024\/07\/81.5-93.4-screenshot-1749924390209-300x131.png 300w, https:\/\/combi-pro.com\/wp-content\/uploads\/2024\/07\/81.5-93.4-screenshot-1749924390209-64x28.png 64w, https:\/\/combi-pro.com\/wp-content\/uploads\/2024\/07\/81.5-93.4-screenshot-1749924390209-18x8.png 18w, https:\/\/combi-pro.com\/wp-content\/uploads\/2024\/07\/81.5-93.4-screenshot-1749924390209.png 400w\" sizes=\"(max-width: 274px) 100vw, 274px\" \/> <img loading=\"lazy\" decoding=\"async\" class=\"alignnone wp-image-17696\" src=\"https:\/\/combi-pro.com\/wp-content\/uploads\/2025\/05\/screenshot-1749214923473-300x106.png\" alt=\"\" width=\"226\" height=\"80\" srcset=\"https:\/\/combi-pro.com\/wp-content\/uploads\/2025\/05\/screenshot-1749214923473-300x106.png 300w, https:\/\/combi-pro.com\/wp-content\/uploads\/2025\/05\/screenshot-1749214923473-64x23.png 64w, https:\/\/combi-pro.com\/wp-content\/uploads\/2025\/05\/screenshot-1749214923473-18x6.png 18w, https:\/\/combi-pro.com\/wp-content\/uploads\/2025\/05\/screenshot-1749214923473.png 396w\" sizes=\"(max-width: 226px) 100vw, 226px\" \/><\/p>\n<p>&nbsp;<\/p>","protected":false},"featured_media":11114,"template":"","meta":{"site-sidebar-layout":"default","site-content-layout":"","ast-site-content-layout":"default","site-content-style":"default","site-sidebar-style":"default","ast-global-header-display":"","ast-banner-title-visibility":"","ast-main-header-display":"","ast-hfb-above-header-display":"","ast-hfb-below-header-display":"","ast-hfb-mobile-header-display":"","site-post-title":"","ast-breadcrumbs-content":"","ast-featured-img":"","footer-sml-layout":"","ast-disable-related-posts":"","theme-transparent-header-meta":"default","adv-header-id-meta":"","stick-header-meta":"","header-above-stick-meta":"","header-main-stick-meta":"","header-below-stick-meta":"","astra-migrate-meta-layouts":"set","ast-page-background-enabled":"default","ast-page-background-meta":{"desktop":{"background-color":"","background-image":"","background-repeat":"repeat","background-position":"center center","background-size":"auto","background-attachment":"scroll","background-type":"","background-media":"","overlay-type":"","overlay-color":"","overlay-opacity":"","overlay-gradient":""},"tablet":{"background-color":"","background-image":"","background-repeat":"repeat","background-position":"center center","background-size":"auto","background-attachment":"scroll","background-type":"","background-media":"","overlay-type":"","overlay-color":"","overlay-opacity":"","overlay-gradient":""},"mobile":{"background-color":"","background-image":"","background-repeat":"repeat","background-position":"center center","background-size":"auto","background-attachment":"scroll","background-type":"","background-media":"","overlay-type":"","overlay-color":"","overlay-opacity":"","overlay-gradient":""}},"ast-content-background-meta":{"desktop":{"background-color":"var(--ast-global-color-5)","background-image":"","background-repeat":"repeat","background-position":"center center","background-size":"auto","background-attachment":"scroll","background-type":"","background-media":"","overlay-type":"","overlay-color":"","overlay-opacity":"","overlay-gradient":""},"tablet":{"background-color":"var(--ast-global-color-5)","background-image":"","background-repeat":"repeat","background-position":"center center","background-size":"auto","background-attachment":"scroll","background-type":"","background-media":"","overlay-type":"","overlay-color":"","overlay-opacity":"","overlay-gradient":""},"mobile":{"background-color":"var(--ast-global-color-5)","background-image":"","background-repeat":"repeat","background-position":"center center","background-size":"auto","background-attachment":"scroll","background-type":"","background-media":"","overlay-type":"","overlay-color":"","overlay-opacity":"","overlay-gradient":""}}},"product_brand":[442],"product_cat":[67,101,50],"product_tag":[],"class_list":{"0":"post-11108","1":"product","2":"type-product","3":"status-publish","4":"has-post-thumbnail","6":"product_brand-velilla","7":"product_cat-alta-visibilidad","8":"product_cat-parkas-alta-visibilidad","9":"product_cat-ropa-profesional","10":"desktop-align-center","11":"tablet-align-left","12":"mobile-align-left","14":"first","15":"instock","16":"taxable","17":"shipping-taxable","18":"purchasable","19":"product-type-variable","20":"has-default-attributes"},"_links":{"self":[{"href":"https:\/\/combi-pro.com\/fr\/wp-json\/wp\/v2\/product\/11108","targetHints":{"allow":["GET"]}}],"collection":[{"href":"https:\/\/combi-pro.com\/fr\/wp-json\/wp\/v2\/product"}],"about":[{"href":"https:\/\/combi-pro.com\/fr\/wp-json\/wp\/v2\/types\/product"}],"wp:featuredmedia":[{"embeddable":true,"href":"https:\/\/combi-pro.com\/fr\/wp-json\/wp\/v2\/media\/11114"}],"wp:attachment":[{"href":"https:\/\/combi-pro.com\/fr\/wp-json\/wp\/v2\/media?parent=11108"}],"wp:term":[{"taxonomy":"product_brand","embeddable":true,"href":"https:\/\/combi-pro.com\/fr\/wp-json\/wp\/v2\/product_brand?post=11108"},{"taxonomy":"product_cat","embeddable":true,"href":"https:\/\/combi-pro.com\/fr\/wp-json\/wp\/v2\/product_cat?post=11108"},{"taxonomy":"product_tag","embeddable":true,"href":"https:\/\/combi-pro.com\/fr\/wp-json\/wp\/v2\/product_tag?post=11108"}],"curies":[{"name":"wp","href":"https:\/\/api.w.org\/{rel}","templated":true}]}}

Parka bicolore haute visibilité 306002 | VELILLA

<p data-start="451" data-end="488"><strong data-start="457" data-end="488">Caractéristiques principales :</strong></p>
<ul>
<li data-start="492" data-end="603">Ouverture spéciale dans le dos avec fermeture éclair pour faciliter la personnalisation par sérigraphie.</li>
<li data-start="606" data-end="730">Fermeture centrale à glissière dissimulée par un rabat en velcro pour une protection supplémentaire contre le vent et la pluie.</li>
<li data-start="733" data-end="846">Les bandes réfléchissantes sur le torse et les manches assurent une grande visibilité dans des conditions de faible luminosité.</li>
<li data-start="849" data-end="936">Capuche cachée dans le col, prête à l'emploi en cas de pluie ou de vent fort.</li>
<li data-start="939" data-end="1010">Poignets côtelés, qui isolent du froid et assurent un ajustement confortable.</li>
<li data-start="1013" data-end="1043">3 poches fonctionnelles :</li>
<li data-start="1048" data-end="1102">2 poches basses plaquées avec rabat et velcro</li>
<li data-start="1107" data-end="1147">1 poche intérieure plaquée avec velcro</li>
</ul>
<p data-start="1154" data-end="1184"><strong data-start="1162" data-end="1182">Certifications :</strong></p>
<ul>
<li data-start="1187" data-end="1264">EN 20471 (CLASSE 2) - Visibilité adéquate pour les travaux à risque moyen.</li>
<li data-start="1267" data-end="1390">EN 343 (1/1/X) - Protection contre la pluie et l'humidité (résistance à l'eau : niveau 1 / respirabilité : niveau 1).</li>
</ul>
<p data-start="1397" data-end="1416"><strong data-start="1405" data-end="1414">Gamme : </strong>Vêtements d'extérieur</p>
<p data-start="1437" data-end="1458"><strong data-start="1444" data-end="1456">Tissus :</strong></p>
<ul>
<li data-start="1461" data-end="1526">Matière extérieure : polyester 100% avec enduction PU / 190 g/m².</li>
<li data-start="1529" data-end="1566">Doublure : 100% polyester / 60 g/m².</li>
<li data-start="1569" data-end="1617">Ouate : 100% polyester / 160 g/m².</li>
</ul>
<p data-start="1624" data-end="1650"><strong data-start="1630" data-end="1648">Recommandation : </strong>Parfait pour les travailleurs dans des secteurs tels que la logistique, l'entretien urbain, la sécurité ou la construction légère, qui ont besoin d'une protection thermique, d'une visibilité moyenne et de la possibilité de personnaliser leur entreprise.</p>
<p data-start="1624" data-end="1650"><img decoding="async" class="alignnone wp-image-14962" src="https://combi-pro.com/wp-content/uploads/2025/01/bordado-mukua.jpg" alt="" width="60" height="60" srcset="https://combi-pro.com/wp-content/uploads/2025/01/bordado-mukua.jpg 427w, https://combi-pro.com/wp-content/uploads/2025/01/bordado-mukua-100x100.jpg 100w, https://combi-pro.com/wp-content/uploads/2025/01/bordado-mukua-64x64.jpg 64w, https://combi-pro.com/wp-content/uploads/2025/01/bordado-mukua-300x300.jpg 300w, https://combi-pro.com/wp-content/uploads/2025/01/bordado-mukua-150x150.jpg 150w, https://combi-pro.com/wp-content/uploads/2025/01/bordado-mukua-12x12.jpg 12w" sizes="(max-width: 60px) 100vw, 60px" /> <img decoding="async" class="alignnone wp-image-14960" src="https://combi-pro.com/wp-content/uploads/2025/01/impresion-mukua-300x300.jpg" alt="" width="60" height="60" srcset="https://combi-pro.com/wp-content/uploads/2025/01/impresion-mukua-300x300.jpg 300w, https://combi-pro.com/wp-content/uploads/2025/01/impresion-mukua-100x100.jpg 100w, https://combi-pro.com/wp-content/uploads/2025/01/impresion-mukua-64x64.jpg 64w, https://combi-pro.com/wp-content/uploads/2025/01/impresion-mukua-150x150.jpg 150w, https://combi-pro.com/wp-content/uploads/2025/01/impresion-mukua-12x12.jpg 12w, https://combi-pro.com/wp-content/uploads/2025/01/impresion-mukua.jpg 427w" sizes="(max-width: 60px) 100vw, 60px" /></p>

<p class="" data-start="197" data-end="350">Parka bicolore à haute visibilité, imperméable et isolante, conçue pour offrir sécurité, confort et protection dans des conditions de travail défavorables.</p>
<p data-start="0" data-end="444"><img decoding="async" class="alignnone wp-image-15250" src="https://combi-pro.com/wp-content/uploads/2024/05/en204712-300x285.png" alt="" width="42" height="40" srcset="https://combi-pro.com/wp-content/uploads/2024/05/en204712-300x285.png 300w, https://combi-pro.com/wp-content/uploads/2024/05/en204712-450x428.png 450w, https://combi-pro.com/wp-content/uploads/2024/05/en204712-64x61.png 64w, https://combi-pro.com/wp-content/uploads/2024/05/en204712-13x12.png 13w, https://combi-pro.com/wp-content/uploads/2024/05/en204712.png 516w" sizes="(max-width: 42px) 100vw, 42px" /> <img loading="lazy" decoding="async" class="alignnone wp-image-15375" src="https://combi-pro.com/wp-content/uploads/2024/07/RAINPROOF.png" alt="" width="203" height="40" srcset="https://combi-pro.com/wp-content/uploads/2024/07/RAINPROOF.png 228w, https://combi-pro.com/wp-content/uploads/2024/07/RAINPROOF-64x13.png 64w, https://combi-pro.com/wp-content/uploads/2024/07/RAINPROOF-18x4.png 18w" sizes="(max-width: 203px) 100vw, 203px" /> <img loading="lazy" decoding="async" class="alignnone wp-image-15227" src="https://combi-pro.com/wp-content/uploads/2025/04/icon-3layer.png" alt="" width="40" height="40" srcset="https://combi-pro.com/wp-content/uploads/2025/04/icon-3layer.png 134w, https://combi-pro.com/wp-content/uploads/2025/04/icon-3layer-100x100.png 100w, https://combi-pro.com/wp-content/uploads/2025/04/icon-3layer-64x64.png 64w, https://combi-pro.com/wp-content/uploads/2025/04/icon-3layer-12x12.png 12w" sizes="(max-width: 40px) 100vw, 40px" /> <img loading="lazy" decoding="async" class="alignnone wp-image-15251" src="https://combi-pro.com/wp-content/uploads/2024/05/REFLATEX-300x88.png" alt="" width="136" height="40" srcset="https://combi-pro.com/wp-content/uploads/2024/05/REFLATEX-300x88.png 300w, https://combi-pro.com/wp-content/uploads/2024/05/REFLATEX-450x133.png 450w, https://combi-pro.com/wp-content/uploads/2024/05/REFLATEX-64x19.png 64w, https://combi-pro.com/wp-content/uploads/2024/05/REFLATEX-18x5.png 18w, https://combi-pro.com/wp-content/uploads/2024/05/REFLATEX.png 475w" sizes="(max-width: 136px) 100vw, 136px" /></p>
<p><strong>GUIDE DES TAILLES</strong></p>
<p><img loading="lazy" decoding="async" class="alignnone wp-image-17752" src="https://combi-pro.com/wp-content/uploads/2024/07/81.5-93.4-screenshot-1749924390209-300x131.png" alt="" width="274" height="120" srcset="https://combi-pro.com/wp-content/uploads/2024/07/81.5-93.4-screenshot-1749924390209-300x131.png 300w, https://combi-pro.com/wp-content/uploads/2024/07/81.5-93.4-screenshot-1749924390209-64x28.png 64w, https://combi-pro.com/wp-content/uploads/2024/07/81.5-93.4-screenshot-1749924390209-18x8.png 18w, https://combi-pro.com/wp-content/uploads/2024/07/81.5-93.4-screenshot-1749924390209.png 400w" sizes="(max-width: 274px) 100vw, 274px" /> <img loading="lazy" decoding="async" class="alignnone wp-image-17696" src="https://combi-pro.com/wp-content/uploads/2025/05/screenshot-1749214923473-300x106.png" alt="" width="226" height="80" srcset="https://combi-pro.com/wp-content/uploads/2025/05/screenshot-1749214923473-300x106.png 300w, https://combi-pro.com/wp-content/uploads/2025/05/screenshot-1749214923473-64x23.png 64w, https://combi-pro.com/wp-content/uploads/2025/05/screenshot-1749214923473-18x6.png 18w, https://combi-pro.com/wp-content/uploads/2025/05/screenshot-1749214923473.png 396w" sizes="(max-width: 226px) 100vw, 226px" /></p>
<p>&nbsp;</p>
