{"id":16694,"date":"2025-05-19T13:45:26","date_gmt":"2025-05-19T11:45:26","guid":{"rendered":"https:\/\/combi-pro.com\/?post_type=product&#038;p=16694"},"modified":"2026-04-13T20:49:12","modified_gmt":"2026-04-13T18:49:12","slug":"pantalon-unisexe-polyester-elastique-403001-velilla","status":"publish","type":"product","link":"https:\/\/combi-pro.com\/fr\/boutique\/pantalon-unisexe-polyester-elastique-403001-velilla\/","title":{"rendered":"Pantalon unisexe en polyester extensible 403001 | VELILLA"},"content":{"rendered":"<p class=\"\" data-start=\"386\" data-end=\"415\"><strong data-start=\"386\" data-end=\"415\">Caract\u00e9ristiques techniques :<\/strong><\/p>\n<ul>\n<li data-start=\"419\" data-end=\"458\">Fermeture centrale \u00e0 glissi\u00e8re et bouton<\/li>\n<li data-start=\"461\" data-end=\"491\">Coutures de s\u00e9curit\u00e9 \u00e0 l'arri\u00e8re<\/li>\n<li data-start=\"494\" data-end=\"540\">Ceinture renforc\u00e9e avec doublure et ceinture<\/li>\n<li data-start=\"543\" data-end=\"581\">Tissu extensible et facile \u00e0 repasser<\/li>\n<li data-start=\"584\" data-end=\"592\">Pince \u00e0 \u00e9piler<\/li>\n<li data-start=\"595\" data-end=\"664\">Trois poches : 2 poches fran\u00e7aises et 1 poche arri\u00e8re avec fermeture \u00e0 bouton<\/li>\n<\/ul>\n<p class=\"\" data-start=\"666\" data-end=\"678\"><strong data-start=\"666\" data-end=\"678\">Tissus :<\/strong><\/p>\n<ul>\n<li data-start=\"680\" data-end=\"716\">Plat - 100 % polyester \/ 165 g\/m\u00b2.<\/li>\n<\/ul>\n<p class=\"\" data-start=\"718\" data-end=\"736\"><strong data-start=\"718\" data-end=\"727\">Gamme : <\/strong>Chambre<\/p>\n<p class=\"\" data-start=\"738\" data-end=\"763\"><strong data-start=\"738\" data-end=\"763\">Recommandation d'utilisation :<\/strong><\/p>\n<ul>\n<li data-start=\"765\" data-end=\"908\">Id\u00e9al pour les professionnels du commerce de d\u00e9tail, de l'h\u00f4tellerie ou du service \u00e0 la client\u00e8le qui ont besoin d'un v\u00eatement formel, durable et confortable \u00e0 porter tous les jours.<\/li>\n<\/ul>","protected":false},"excerpt":{"rendered":"<p>Pantalon polyvalent et confortable, con\u00e7u pour un usage intensif dans des environnements professionnels qui exigent une image soign\u00e9e et une grande libert\u00e9 de mouvement.<\/p>\n<p><a href=\"https:\/\/combi-pro.com\/wp-content\/uploads\/2025\/04\/Guide-de-taille-Velilla_Partes-Superiores-y-Batas-Homme.jpg\">guide des tailles<\/a><\/p>","protected":false},"featured_media":16700,"template":"","meta":{"site-sidebar-layout":"default","site-content-layout":"","ast-site-content-layout":"default","site-content-style":"default","site-sidebar-style":"default","ast-global-header-display":"","ast-banner-title-visibility":"","ast-main-header-display":"","ast-hfb-above-header-display":"","ast-hfb-below-header-display":"","ast-hfb-mobile-header-display":"","site-post-title":"","ast-breadcrumbs-content":"","ast-featured-img":"","footer-sml-layout":"","ast-disable-related-posts":"","theme-transparent-header-meta":"default","adv-header-id-meta":"","stick-header-meta":"","header-above-stick-meta":"","header-main-stick-meta":"","header-below-stick-meta":"","astra-migrate-meta-layouts":"set","ast-page-background-enabled":"default","ast-page-background-meta":{"desktop":{"background-color":"","background-image":"","background-repeat":"repeat","background-position":"center center","background-size":"auto","background-attachment":"scroll","background-type":"","background-media":"","overlay-type":"","overlay-color":"","overlay-opacity":"","overlay-gradient":""},"tablet":{"background-color":"","background-image":"","background-repeat":"repeat","background-position":"center center","background-size":"auto","background-attachment":"scroll","background-type":"","background-media":"","overlay-type":"","overlay-color":"","overlay-opacity":"","overlay-gradient":""},"mobile":{"background-color":"","background-image":"","background-repeat":"repeat","background-position":"center center","background-size":"auto","background-attachment":"scroll","background-type":"","background-media":"","overlay-type":"","overlay-color":"","overlay-opacity":"","overlay-gradient":""}},"ast-content-background-meta":{"desktop":{"background-color":"var(--ast-global-color-5)","background-image":"","background-repeat":"repeat","background-position":"center center","background-size":"auto","background-attachment":"scroll","background-type":"","background-media":"","overlay-type":"","overlay-color":"","overlay-opacity":"","overlay-gradient":""},"tablet":{"background-color":"var(--ast-global-color-5)","background-image":"","background-repeat":"repeat","background-position":"center center","background-size":"auto","background-attachment":"scroll","background-type":"","background-media":"","overlay-type":"","overlay-color":"","overlay-opacity":"","overlay-gradient":""},"mobile":{"background-color":"var(--ast-global-color-5)","background-image":"","background-repeat":"repeat","background-position":"center center","background-size":"auto","background-attachment":"scroll","background-type":"","background-media":"","overlay-type":"","overlay-color":"","overlay-opacity":"","overlay-gradient":""}}},"product_brand":[442],"product_cat":[72,112,50],"product_tag":[],"class_list":{"0":"post-16694","1":"product","2":"type-product","3":"status-publish","4":"has-post-thumbnail","6":"product_brand-velilla","7":"product_cat-hosteleria","8":"product_cat-pantalones-hosteleria","9":"product_cat-ropa-profesional","10":"desktop-align-center","11":"tablet-align-left","12":"mobile-align-left","14":"first","15":"instock","16":"taxable","17":"shipping-taxable","18":"purchasable","19":"product-type-variable","20":"has-default-attributes"},"_links":{"self":[{"href":"https:\/\/combi-pro.com\/fr\/wp-json\/wp\/v2\/product\/16694","targetHints":{"allow":["GET"]}}],"collection":[{"href":"https:\/\/combi-pro.com\/fr\/wp-json\/wp\/v2\/product"}],"about":[{"href":"https:\/\/combi-pro.com\/fr\/wp-json\/wp\/v2\/types\/product"}],"wp:featuredmedia":[{"embeddable":true,"href":"https:\/\/combi-pro.com\/fr\/wp-json\/wp\/v2\/media\/16700"}],"wp:attachment":[{"href":"https:\/\/combi-pro.com\/fr\/wp-json\/wp\/v2\/media?parent=16694"}],"wp:term":[{"taxonomy":"product_brand","embeddable":true,"href":"https:\/\/combi-pro.com\/fr\/wp-json\/wp\/v2\/product_brand?post=16694"},{"taxonomy":"product_cat","embeddable":true,"href":"https:\/\/combi-pro.com\/fr\/wp-json\/wp\/v2\/product_cat?post=16694"},{"taxonomy":"product_tag","embeddable":true,"href":"https:\/\/combi-pro.com\/fr\/wp-json\/wp\/v2\/product_tag?post=16694"}],"curies":[{"name":"wp","href":"https:\/\/api.w.org\/{rel}","templated":true}]}}

<p class="" data-start="386" data-end="415"><strong data-start="386" data-end="415">Caractéristiques techniques :</strong></p>
<ul>
<li data-start="419" data-end="458">Fermeture centrale à glissière et bouton</li>
<li data-start="461" data-end="491">Coutures de sécurité à l'arrière</li>
<li data-start="494" data-end="540">Ceinture renforcée avec doublure et ceinture</li>
<li data-start="543" data-end="581">Tissu extensible et facile à repasser</li>
<li data-start="584" data-end="592">Pince à épiler</li>
<li data-start="595" data-end="664">Trois poches : 2 poches françaises et 1 poche arrière avec fermeture à bouton</li>
</ul>
<p class="" data-start="666" data-end="678"><strong data-start="666" data-end="678">Tissus :</strong></p>
<ul>
<li data-start="680" data-end="716">Plat - 100 % polyester / 165 g/m².</li>
</ul>
<p class="" data-start="718" data-end="736"><strong data-start="718" data-end="727">Gamme : </strong>Chambre</p>
<p class="" data-start="738" data-end="763"><strong data-start="738" data-end="763">Recommandation d'utilisation :</strong></p>
<ul>
<li data-start="765" data-end="908">Idéal pour les professionnels du commerce de détail, de l'hôtellerie ou du service à la clientèle qui ont besoin d'un vêtement formel, durable et confortable à porter tous les jours.</li>
</ul>

<p>Pantalon polyvalent et confortable, conçu pour un usage intensif dans des environnements professionnels qui exigent une image soignée et une grande liberté de mouvement.</p>
<p><a href="https://combi-pro.com/wp-content/uploads/2025/04/Guide-de-taille-Velilla_Partes-Superiores-y-Batas-Homme.jpg">guide des tailles</a></p>
