{"id":17619,"date":"2025-05-22T14:24:59","date_gmt":"2025-05-22T12:24:59","guid":{"rendered":"https:\/\/combi-pro.com\/?post_type=product&#038;p=17619"},"modified":"2026-05-01T20:01:50","modified_gmt":"2026-05-01T18:01:50","slug":"tablier-court-bio-nougat-404224-velilla","status":"publish","type":"product","link":"https:\/\/combi-pro.com\/fr\/boutique\/tablier-court-bio-nougat-404224-velilla\/","title":{"rendered":"Tablier court bio NOUGAT 404224 | VELILLA"},"content":{"rendered":"<p class=\"\" data-start=\"376\" data-end=\"405\"><strong data-start=\"376\" data-end=\"405\">Caract\u00e9ristiques techniques :<\/strong><\/p>\n<ul>\n<li data-start=\"409\" data-end=\"469\">Deux sangles de r\u00e9glage aux extr\u00e9mit\u00e9s pour resserrer le v\u00eatement<\/li>\n<li data-start=\"472\" data-end=\"503\">Sangles de r\u00e9glage multipositions<\/li>\n<li data-start=\"506\" data-end=\"552\">Tissu avec traitement hydrofuge<\/li>\n<li data-start=\"555\" data-end=\"571\">Deux poches :<\/li>\n<li data-start=\"576\" data-end=\"603\">1 grande poche centrale<\/li>\n<li data-start=\"608\" data-end=\"629\">1 poche int\u00e9rieure<\/li>\n<\/ul>\n<p class=\"\" data-start=\"631\" data-end=\"643\"><strong data-start=\"631\" data-end=\"643\">Tissus :<\/strong><\/p>\n<ul>\n<li data-start=\"645\" data-end=\"698\">Plat - 100 % coton biologique d\u00e9perlant \/ 240 g\/m\u00b2.<\/li>\n<\/ul>\n<p class=\"\" data-start=\"732\" data-end=\"757\"><strong data-start=\"732\" data-end=\"757\">Recommandation d'utilisation :<\/strong><\/p>\n<ul>\n<li data-start=\"759\" data-end=\"902\">Parfait pour les cuisines, les caf\u00e9t\u00e9rias, les boulangeries ou les entreprises responsables \u00e0 la recherche d'un v\u00eatement confortable, fonctionnel et conforme aux valeurs du d\u00e9veloppement durable.<\/li>\n<\/ul>","protected":false},"excerpt":{"rendered":"<p>Tablier court \u00e9cologique avec ajustement multi-positions et tissu r\u00e9pulsif, id\u00e9al pour les professionnels qui accordent de l'importance \u00e0 la fonctionnalit\u00e9 et \u00e0 la durabilit\u00e9 de leur uniforme.<\/p>\n<p><img decoding=\"async\" class=\"alignnone size-full wp-image-17364\" src=\"https:\/\/combi-pro.com\/wp-content\/uploads\/2025\/05\/ICONO-HIDROFUGADO_0.png\" alt=\"\" width=\"40\" height=\"40\" srcset=\"https:\/\/combi-pro.com\/wp-content\/uploads\/2025\/05\/ICONO-HIDROFUGADO_0.png 40w, https:\/\/combi-pro.com\/wp-content\/uploads\/2025\/05\/ICONO-HIDROFUGADO_0-12x12.png 12w\" sizes=\"(max-width: 40px) 100vw, 40px\" \/><\/p>\n<p>&nbsp;<\/p>","protected":false},"featured_media":17629,"template":"","meta":{"site-sidebar-layout":"default","site-content-layout":"","ast-site-content-layout":"default","site-content-style":"default","site-sidebar-style":"default","ast-global-header-display":"","ast-banner-title-visibility":"","ast-main-header-display":"","ast-hfb-above-header-display":"","ast-hfb-below-header-display":"","ast-hfb-mobile-header-display":"","site-post-title":"","ast-breadcrumbs-content":"","ast-featured-img":"","footer-sml-layout":"","ast-disable-related-posts":"","theme-transparent-header-meta":"default","adv-header-id-meta":"","stick-header-meta":"","header-above-stick-meta":"","header-main-stick-meta":"","header-below-stick-meta":"","astra-migrate-meta-layouts":"set","ast-page-background-enabled":"default","ast-page-background-meta":{"desktop":{"background-color":"","background-image":"","background-repeat":"repeat","background-position":"center center","background-size":"auto","background-attachment":"scroll","background-type":"","background-media":"","overlay-type":"","overlay-color":"","overlay-opacity":"","overlay-gradient":""},"tablet":{"background-color":"","background-image":"","background-repeat":"repeat","background-position":"center center","background-size":"auto","background-attachment":"scroll","background-type":"","background-media":"","overlay-type":"","overlay-color":"","overlay-opacity":"","overlay-gradient":""},"mobile":{"background-color":"","background-image":"","background-repeat":"repeat","background-position":"center center","background-size":"auto","background-attachment":"scroll","background-type":"","background-media":"","overlay-type":"","overlay-color":"","overlay-opacity":"","overlay-gradient":""}},"ast-content-background-meta":{"desktop":{"background-color":"var(--ast-global-color-5)","background-image":"","background-repeat":"repeat","background-position":"center center","background-size":"auto","background-attachment":"scroll","background-type":"","background-media":"","overlay-type":"","overlay-color":"","overlay-opacity":"","overlay-gradient":""},"tablet":{"background-color":"var(--ast-global-color-5)","background-image":"","background-repeat":"repeat","background-position":"center center","background-size":"auto","background-attachment":"scroll","background-type":"","background-media":"","overlay-type":"","overlay-color":"","overlay-opacity":"","overlay-gradient":""},"mobile":{"background-color":"var(--ast-global-color-5)","background-image":"","background-repeat":"repeat","background-position":"center center","background-size":"auto","background-attachment":"scroll","background-type":"","background-media":"","overlay-type":"","overlay-color":"","overlay-opacity":"","overlay-gradient":""}}},"product_brand":[442],"product_cat":[114,72,50],"product_tag":[],"class_list":{"0":"post-17619","1":"product","2":"type-product","3":"status-publish","4":"has-post-thumbnail","6":"product_brand-velilla","7":"product_cat-delantal-hosteleria","8":"product_cat-hosteleria","9":"product_cat-ropa-profesional","10":"desktop-align-center","11":"tablet-align-left","12":"mobile-align-left","14":"first","15":"outofstock","16":"taxable","17":"shipping-taxable","18":"purchasable","19":"product-type-variable","20":"has-default-attributes"},"_links":{"self":[{"href":"https:\/\/combi-pro.com\/fr\/wp-json\/wp\/v2\/product\/17619","targetHints":{"allow":["GET"]}}],"collection":[{"href":"https:\/\/combi-pro.com\/fr\/wp-json\/wp\/v2\/product"}],"about":[{"href":"https:\/\/combi-pro.com\/fr\/wp-json\/wp\/v2\/types\/product"}],"wp:featuredmedia":[{"embeddable":true,"href":"https:\/\/combi-pro.com\/fr\/wp-json\/wp\/v2\/media\/17629"}],"wp:attachment":[{"href":"https:\/\/combi-pro.com\/fr\/wp-json\/wp\/v2\/media?parent=17619"}],"wp:term":[{"taxonomy":"product_brand","embeddable":true,"href":"https:\/\/combi-pro.com\/fr\/wp-json\/wp\/v2\/product_brand?post=17619"},{"taxonomy":"product_cat","embeddable":true,"href":"https:\/\/combi-pro.com\/fr\/wp-json\/wp\/v2\/product_cat?post=17619"},{"taxonomy":"product_tag","embeddable":true,"href":"https:\/\/combi-pro.com\/fr\/wp-json\/wp\/v2\/product_tag?post=17619"}],"curies":[{"name":"wp","href":"https:\/\/api.w.org\/{rel}","templated":true}]}}

<p class="" data-start="376" data-end="405"><strong data-start="376" data-end="405">Caractéristiques techniques :</strong></p>
<ul>
<li data-start="409" data-end="469">Deux sangles de réglage aux extrémités pour resserrer le vêtement</li>
<li data-start="472" data-end="503">Sangles de réglage multipositions</li>
<li data-start="506" data-end="552">Tissu avec traitement hydrofuge</li>
<li data-start="555" data-end="571">Deux poches :</li>
<li data-start="576" data-end="603">1 grande poche centrale</li>
<li data-start="608" data-end="629">1 poche intérieure</li>
</ul>
<p class="" data-start="631" data-end="643"><strong data-start="631" data-end="643">Tissus :</strong></p>
<ul>
<li data-start="645" data-end="698">Plat - 100 % coton biologique déperlant / 240 g/m².</li>
</ul>
<p class="" data-start="732" data-end="757"><strong data-start="732" data-end="757">Recommandation d'utilisation :</strong></p>
<ul>
<li data-start="759" data-end="902">Parfait pour les cuisines, les cafétérias, les boulangeries ou les entreprises responsables à la recherche d'un vêtement confortable, fonctionnel et conforme aux valeurs du développement durable.</li>
</ul>

<p>Tablier court écologique avec ajustement multi-positions et tissu répulsif, idéal pour les professionnels qui accordent de l'importance à la fonctionnalité et à la durabilité de leur uniforme.</p>
<p><img decoding="async" class="alignnone size-full wp-image-17364" src="https://combi-pro.com/wp-content/uploads/2025/05/ICONO-HIDROFUGADO_0.png" alt="" width="40" height="40" srcset="https://combi-pro.com/wp-content/uploads/2025/05/ICONO-HIDROFUGADO_0.png 40w, https://combi-pro.com/wp-content/uploads/2025/05/ICONO-HIDROFUGADO_0-12x12.png 12w" sizes="(max-width: 40px) 100vw, 40px" /></p>
<p>&nbsp;</p>
