{"id":33989,"date":"2026-02-03T12:07:20","date_gmt":"2026-02-03T11:07:20","guid":{"rendered":"https:\/\/combi-pro.com\/?post_type=product&#038;p=33989"},"modified":"2026-05-28T14:40:20","modified_gmt":"2026-05-28T12:40:20","slug":"veste-de-cuisine-denim-unisexe-405212s-velilla","status":"publish","type":"product","link":"https:\/\/combi-pro.com\/fr\/tienda\/chaqueta-de-cocina-denim-unisex-405212s-velilla\/","title":{"rendered":"Veste de cuisine unisexe en denim 405212S | VELILLA"},"content":{"rendered":"<p data-start=\"391\" data-end=\"420\">Veste de cuisine unisexe au design confortable, con\u00e7ue pour les environnements professionnels exigeants, alliant r\u00e9sistance, respirabilit\u00e9 et libert\u00e9 de mouvement gr\u00e2ce \u00e0 son tissu denim extensible et \u00e0 son dos Coolmax\u00ae.<\/p>\n<p data-start=\"391\" data-end=\"420\"><strong data-start=\"391\" data-end=\"420\">Caract\u00e9ristiques techniques :<\/strong><\/p>\n<ul data-start=\"422\" data-end=\"977\">\n<li data-start=\"422\" data-end=\"447\">\n<p data-start=\"424\" data-end=\"447\">Mod\u00e8le de confort unisexe<\/p>\n<\/li>\n<li data-start=\"448\" data-end=\"513\">\n<p data-start=\"450\" data-end=\"513\">Tissu avec traitement antibact\u00e9rien et hydrofuge<\/p>\n<\/li>\n<li data-start=\"514\" data-end=\"572\">\n<p data-start=\"516\" data-end=\"572\">Dos en Coolmax\u00ae respirant<\/p>\n<\/li>\n<li data-start=\"573\" data-end=\"623\">\n<p data-start=\"575\" data-end=\"623\">Verrouillage central avec boutons-pression dissimul\u00e9s<\/p>\n<\/li>\n<li data-start=\"624\" data-end=\"681\">\n<p data-start=\"626\" data-end=\"681\">Bretelle de col, avec sangle dorsale et bouton de tablier<\/p>\n<\/li>\n<li data-start=\"682\" data-end=\"703\">\n<p data-start=\"684\" data-end=\"703\">Suspension int\u00e9rieure<\/p>\n<\/li>\n<li data-start=\"704\" data-end=\"743\">\n<p data-start=\"706\" data-end=\"743\">Ouvertures lat\u00e9rales sur les c\u00f4t\u00e9s<\/p>\n<\/li>\n<li data-start=\"744\" data-end=\"838\">\n<p data-start=\"746\" data-end=\"838\">Manches longues ajust\u00e9es avec fente aux poignets, revers avec patte de boutonnage et fermeture \u00e0 boutons-pression<\/p>\n<\/li>\n<li data-start=\"839\" data-end=\"895\">\n<p data-start=\"841\" data-end=\"895\">Courroie de la manche droite pour suspendre les accessoires du chef<\/p>\n<\/li>\n<li data-start=\"896\" data-end=\"977\">\n<p data-start=\"898\" data-end=\"912\">Une poche :<\/p>\n<ul data-start=\"915\" data-end=\"977\">\n<li data-start=\"915\" data-end=\"977\">\n<p data-start=\"917\" data-end=\"977\">1 poche sur la manche gauche avec \u00e9lastique pour les accessoires<\/p>\n<\/li>\n<\/ul>\n<\/li>\n<\/ul>\n<p data-start=\"979\" data-end=\"991\"><strong data-start=\"979\" data-end=\"991\">Tissus :<\/strong><\/p>\n<ul data-start=\"993\" data-end=\"1043\">\n<li data-start=\"993\" data-end=\"1043\">\n<p data-start=\"995\" data-end=\"1043\">Denim - 98 % coton \/ 2 % \u00e9lasthanne \/ 178 g\/m\u00b2.<\/p>\n<\/li>\n<\/ul>\n<p data-start=\"1045\" data-end=\"1070\"><strong data-start=\"1045\" data-end=\"1070\">Recommandation d'utilisation :<\/strong><\/p>\n<p data-start=\"1072\" data-end=\"1246\">Id\u00e9ale pour les chefs et les professionnels de la cuisine \u00e0 la recherche d'une veste confortable, respirante et durable avec un style denim moderne et fonctionnel pour les longues journ\u00e9es de travail.<\/p>\n<p data-start=\"1072\" data-end=\"1246\"><img loading=\"lazy\" decoding=\"async\" class=\"alignnone wp-image-15240\" src=\"https:\/\/combi-pro.com\/wp-content\/uploads\/2025\/04\/icon-stretch.png\" alt=\"\" width=\"149\" height=\"60\" srcset=\"https:\/\/combi-pro.com\/wp-content\/uploads\/2025\/04\/icon-stretch.png 228w, https:\/\/combi-pro.com\/wp-content\/uploads\/2025\/04\/icon-stretch-18x7.png 18w, https:\/\/combi-pro.com\/wp-content\/uploads\/2025\/04\/icon-stretch-150x61.png 150w, https:\/\/combi-pro.com\/wp-content\/uploads\/2025\/04\/icon-stretch-64x26.png 64w\" sizes=\"auto, (max-width: 149px) 100vw, 149px\" \/><\/p>","protected":false},"excerpt":{"rendered":"<p>Veste de cuisine unisexe au design confortable, con\u00e7ue pour les environnements professionnels exigeants, alliant r\u00e9sistance, respirabilit\u00e9 et libert\u00e9 de mouvement gr\u00e2ce \u00e0 son tissu denim extensible et \u00e0 son dos Coolmax\u00ae.<\/p>","protected":false},"featured_media":33998,"template":"","meta":[],"product_brand":[442],"product_cat":[50,116,72],"product_tag":[],"class_list":["post-33989","product","type-product","status-publish","has-post-thumbnail","product_brand-velilla","product_cat-ropa-profesional","product_cat-chaquetas-hosteleria","product_cat-hosteleria","first","instock","taxable","shipping-taxable","purchasable","product-type-variable"],"_links":{"self":[{"href":"https:\/\/combi-pro.com\/fr\/wp-json\/wp\/v2\/product\/33989","targetHints":{"allow":["GET"]}}],"collection":[{"href":"https:\/\/combi-pro.com\/fr\/wp-json\/wp\/v2\/product"}],"about":[{"href":"https:\/\/combi-pro.com\/fr\/wp-json\/wp\/v2\/types\/product"}],"wp:featuredmedia":[{"embeddable":true,"href":"https:\/\/combi-pro.com\/fr\/wp-json\/wp\/v2\/media\/33998"}],"wp:attachment":[{"href":"https:\/\/combi-pro.com\/fr\/wp-json\/wp\/v2\/media?parent=33989"}],"wp:term":[{"taxonomy":"product_brand","embeddable":true,"href":"https:\/\/combi-pro.com\/fr\/wp-json\/wp\/v2\/product_brand?post=33989"},{"taxonomy":"product_cat","embeddable":true,"href":"https:\/\/combi-pro.com\/fr\/wp-json\/wp\/v2\/product_cat?post=33989"},{"taxonomy":"product_tag","embeddable":true,"href":"https:\/\/combi-pro.com\/fr\/wp-json\/wp\/v2\/product_tag?post=33989"}],"curies":[{"name":"wp","href":"https:\/\/api.w.org\/{rel}","templated":true}]}}

<p data-start="391" data-end="420">Veste de cuisine unisexe au design confortable, conçue pour les environnements professionnels exigeants, alliant résistance, respirabilité et liberté de mouvement grâce à son tissu denim extensible et à son dos Coolmax®.</p>
<p data-start="391" data-end="420"><strong data-start="391" data-end="420">Caractéristiques techniques :</strong></p>
<ul data-start="422" data-end="977">
<li data-start="422" data-end="447">
<p data-start="424" data-end="447">Modèle de confort unisexe</p>
</li>
<li data-start="448" data-end="513">
<p data-start="450" data-end="513">Tissu avec traitement antibactérien et hydrofuge</p>
</li>
<li data-start="514" data-end="572">
<p data-start="516" data-end="572">Dos en Coolmax® respirant</p>
</li>
<li data-start="573" data-end="623">
<p data-start="575" data-end="623">Verrouillage central avec boutons-pression dissimulés</p>
</li>
<li data-start="624" data-end="681">
<p data-start="626" data-end="681">Bretelle de col, avec sangle dorsale et bouton de tablier</p>
</li>
<li data-start="682" data-end="703">
<p data-start="684" data-end="703">Suspension intérieure</p>
</li>
<li data-start="704" data-end="743">
<p data-start="706" data-end="743">Ouvertures latérales sur les côtés</p>
</li>
<li data-start="744" data-end="838">
<p data-start="746" data-end="838">Manches longues ajustées avec fente aux poignets, revers avec patte de boutonnage et fermeture à boutons-pression</p>
</li>
<li data-start="839" data-end="895">
<p data-start="841" data-end="895">Courroie de la manche droite pour suspendre les accessoires du chef</p>
</li>
<li data-start="896" data-end="977">
<p data-start="898" data-end="912">Une poche :</p>
<ul data-start="915" data-end="977">
<li data-start="915" data-end="977">
<p data-start="917" data-end="977">1 poche sur la manche gauche avec élastique pour les accessoires</p>
</li>
</ul>
</li>
</ul>
<p data-start="979" data-end="991"><strong data-start="979" data-end="991">Tissus :</strong></p>
<ul data-start="993" data-end="1043">
<li data-start="993" data-end="1043">
<p data-start="995" data-end="1043">Denim - 98 % coton / 2 % élasthanne / 178 g/m².</p>
</li>
</ul>
<p data-start="1045" data-end="1070"><strong data-start="1045" data-end="1070">Recommandation d'utilisation :</strong></p>
<p data-start="1072" data-end="1246">Idéale pour les chefs et les professionnels de la cuisine à la recherche d'une veste confortable, respirante et durable avec un style denim moderne et fonctionnel pour les longues journées de travail.</p>
<p data-start="1072" data-end="1246"><img loading="lazy" decoding="async" class="alignnone wp-image-15240" src="https://combi-pro.com/wp-content/uploads/2025/04/icon-stretch.png" alt="" width="149" height="60" srcset="https://combi-pro.com/wp-content/uploads/2025/04/icon-stretch.png 228w, https://combi-pro.com/wp-content/uploads/2025/04/icon-stretch-18x7.png 18w, https://combi-pro.com/wp-content/uploads/2025/04/icon-stretch-150x61.png 150w, https://combi-pro.com/wp-content/uploads/2025/04/icon-stretch-64x26.png 64w" sizes="auto, (max-width: 149px) 100vw, 149px" /></p>

<p>Veste de cuisine unisexe au design confortable, conçue pour les environnements professionnels exigeants, alliant résistance, respirabilité et liberté de mouvement grâce à son tissu denim extensible et à son dos Coolmax®.</p>
