{"id":8451,"date":"2024-05-18T11:51:56","date_gmt":"2024-05-18T09:51:56","guid":{"rendered":"https:\/\/combi-pro.com\/?post_type=product&#038;p=8451"},"modified":"2026-04-13T20:13:12","modified_gmt":"2026-04-13T18:13:12","slug":"103024s-pantalon-stretch-bicolore","status":"publish","type":"product","link":"https:\/\/combi-pro.com\/fr\/boutique\/103024s-pantalon-stretch-bicolore\/","title":{"rendered":"Pantalon de travail multi-poches en stretch bicolore avec coupe ajust\u00e9e et double piq\u00fbre 103024S | VELILLA"},"content":{"rendered":"<div class=\"data item\" role=\"tablist\">\n<div id=\"tab-label-description\" class=\"data item title active\" tabindex=\"0\" role=\"tab\" data-role=\"collapsible\" data-collapsible=\"true\" aria-controls=\"description\" aria-selected=\"false\" aria-expanded=\"true\">\n<p data-start=\"576\" data-end=\"760\">.<strong data-start=\"765\" data-end=\"794\">Caract\u00e9ristiques techniques :<\/strong><\/p>\n<ul>\n<li data-start=\"798\" data-end=\"814\">Coupe cintr\u00e9e<\/li>\n<li data-start=\"817\" data-end=\"856\">Fermeture centrale \u00e0 glissi\u00e8re et bouton<\/li>\n<li data-start=\"859\" data-end=\"910\">Couleur contrast\u00e9e sur les soufflets, les poign\u00e9es et les boucles<\/li>\n<li data-start=\"913\" data-end=\"934\">Taille \u00e9lastiqu\u00e9e<\/li>\n<li data-start=\"937\" data-end=\"965\">Double couture de s\u00e9curit\u00e9<\/li>\n<li data-start=\"968\" data-end=\"985\">Six poches :<\/li>\n<li data-start=\"990\" data-end=\"1013\">2 poches fran\u00e7aises<\/li>\n<li data-start=\"1018\" data-end=\"1094\">2 poches \u00e0 soufflet avec double soufflet central, rabat, velcro et tirettes<\/li>\n<li data-start=\"1099\" data-end=\"1162\">2 poches arri\u00e8re \u00e0 soufflet avec rabat, velcro et tirettes<\/li>\n<\/ul>\n<p data-start=\"1164\" data-end=\"1178\"><strong data-start=\"1167\" data-end=\"1178\">Tissu:<\/strong><\/p>\n<ul>\n<li data-start=\"1182\" data-end=\"1234\">Stretch : 46% coton - 38% EME - 16% polyester<\/li>\n<li data-start=\"1237\" data-end=\"1258\">Grammage : 240 g\/m\u00b2.<\/li>\n<\/ul>\n<p data-start=\"1260\" data-end=\"1284\"><strong data-start=\"1263\" data-end=\"1272\">Gamme :<\/strong> Total de la contrepartie<\/p>\n<p data-start=\"1286\" data-end=\"1471\"><strong data-start=\"1288\" data-end=\"1313\">Recommandation d'utilisation :<\/strong><\/p>\n<ul>\n<li data-start=\"1286\" data-end=\"1471\">Parfait pour les emplois qui requi\u00e8rent mobilit\u00e9 et force, ce pantalon extensible offre confort, durabilit\u00e9 et un design moderne adapt\u00e9 \u00e0 l'environnement de travail.<\/li>\n<\/ul>\n<p data-start=\"1286\" data-end=\"1471\">\n<\/div>\n<div id=\"description\" class=\"data item content\" role=\"tabpanel\" aria-labelledby=\"tab-label-description\" data-role=\"content\" aria-hidden=\"false\">\n<div class=\"product attribute description\">\n<div class=\"value\"><\/div>\n<\/div>\n<\/div>\n<\/div>","protected":false},"excerpt":{"rendered":"<p data-start=\"346\" data-end=\"546\">Pantalon de travail bicolore en tissu extensible, coupe ajust\u00e9e, taille \u00e9lastiqu\u00e9e et multiples poches fonctionnelles. Id\u00e9al pour un usage professionnel quotidien.<\/p>\n<p><img decoding=\"async\" class=\"alignnone wp-image-15233\" src=\"https:\/\/combi-pro.com\/wp-content\/uploads\/2025\/04\/icon-w240.png\" alt=\"\" width=\"111\" height=\"40\" srcset=\"https:\/\/combi-pro.com\/wp-content\/uploads\/2025\/04\/icon-w240.png 228w, https:\/\/combi-pro.com\/wp-content\/uploads\/2025\/04\/icon-w240-64x23.png 64w, https:\/\/combi-pro.com\/wp-content\/uploads\/2025\/04\/icon-w240-18x6.png 18w\" sizes=\"(max-width: 111px) 100vw, 111px\" \/> <img decoding=\"async\" class=\"alignnone wp-image-15240\" src=\"https:\/\/combi-pro.com\/wp-content\/uploads\/2025\/04\/icon-stretch.png\" alt=\"\" width=\"99\" height=\"40\" srcset=\"https:\/\/combi-pro.com\/wp-content\/uploads\/2025\/04\/icon-stretch.png 228w, https:\/\/combi-pro.com\/wp-content\/uploads\/2025\/04\/icon-stretch-64x26.png 64w, https:\/\/combi-pro.com\/wp-content\/uploads\/2025\/04\/icon-stretch-18x7.png 18w\" sizes=\"(max-width: 99px) 100vw, 99px\" \/> <img decoding=\"async\" class=\"alignnone wp-image-15236\" src=\"https:\/\/combi-pro.com\/wp-content\/uploads\/2025\/04\/icon-totalmatch.png\" alt=\"\" width=\"209\" height=\"40\" srcset=\"https:\/\/combi-pro.com\/wp-content\/uploads\/2025\/04\/icon-totalmatch.png 251w, https:\/\/combi-pro.com\/wp-content\/uploads\/2025\/04\/icon-totalmatch-64x12.png 64w, https:\/\/combi-pro.com\/wp-content\/uploads\/2025\/04\/icon-totalmatch-18x3.png 18w\" sizes=\"(max-width: 209px) 100vw, 209px\" \/><\/p>\n<p><strong>GUIDE DES TAILLES<\/strong><\/p>\n<p><strong><img loading=\"lazy\" decoding=\"async\" class=\"alignnone wp-image-17874\" src=\"https:\/\/combi-pro.com\/wp-content\/uploads\/2024\/05\/105.5-112.2-screenshot-1750325730747-300x229.png\" alt=\"\" width=\"262\" height=\"200\" srcset=\"https:\/\/combi-pro.com\/wp-content\/uploads\/2024\/05\/105.5-112.2-screenshot-1750325730747-300x229.png 300w, https:\/\/combi-pro.com\/wp-content\/uploads\/2024\/05\/105.5-112.2-screenshot-1750325730747-16x12.png 16w, https:\/\/combi-pro.com\/wp-content\/uploads\/2024\/05\/105.5-112.2-screenshot-1750325730747-64x49.png 64w, https:\/\/combi-pro.com\/wp-content\/uploads\/2024\/05\/105.5-112.2-screenshot-1750325730747.png 399w\" sizes=\"(max-width: 262px) 100vw, 262px\" \/> <img loading=\"lazy\" decoding=\"async\" class=\"alignnone wp-image-17729\" src=\"https:\/\/combi-pro.com\/wp-content\/uploads\/2024\/05\/screenshot-1749765502228.png\" alt=\"\" width=\"212\" height=\"160\" srcset=\"https:\/\/combi-pro.com\/wp-content\/uploads\/2024\/05\/screenshot-1749765502228.png 292w, https:\/\/combi-pro.com\/wp-content\/uploads\/2024\/05\/screenshot-1749765502228-64x48.png 64w, https:\/\/combi-pro.com\/wp-content\/uploads\/2024\/05\/screenshot-1749765502228-16x12.png 16w\" sizes=\"(max-width: 212px) 100vw, 212px\" \/>\u00a0 \u00a0\u00a0<\/strong><\/p>","protected":false},"featured_media":8477,"template":"","meta":{"site-sidebar-layout":"default","site-content-layout":"","ast-site-content-layout":"default","site-content-style":"default","site-sidebar-style":"default","ast-global-header-display":"","ast-banner-title-visibility":"","ast-main-header-display":"","ast-hfb-above-header-display":"","ast-hfb-below-header-display":"","ast-hfb-mobile-header-display":"","site-post-title":"","ast-breadcrumbs-content":"","ast-featured-img":"","footer-sml-layout":"","ast-disable-related-posts":"","theme-transparent-header-meta":"default","adv-header-id-meta":"","stick-header-meta":"","header-above-stick-meta":"","header-main-stick-meta":"","header-below-stick-meta":"","astra-migrate-meta-layouts":"set","ast-page-background-enabled":"default","ast-page-background-meta":{"desktop":{"background-color":"","background-image":"","background-repeat":"repeat","background-position":"center center","background-size":"auto","background-attachment":"scroll","background-type":"","background-media":"","overlay-type":"","overlay-color":"","overlay-opacity":"","overlay-gradient":""},"tablet":{"background-color":"","background-image":"","background-repeat":"repeat","background-position":"center center","background-size":"auto","background-attachment":"scroll","background-type":"","background-media":"","overlay-type":"","overlay-color":"","overlay-opacity":"","overlay-gradient":""},"mobile":{"background-color":"","background-image":"","background-repeat":"repeat","background-position":"center center","background-size":"auto","background-attachment":"scroll","background-type":"","background-media":"","overlay-type":"","overlay-color":"","overlay-opacity":"","overlay-gradient":""}},"ast-content-background-meta":{"desktop":{"background-color":"var(--ast-global-color-5)","background-image":"","background-repeat":"repeat","background-position":"center center","background-size":"auto","background-attachment":"scroll","background-type":"","background-media":"","overlay-type":"","overlay-color":"","overlay-opacity":"","overlay-gradient":""},"tablet":{"background-color":"var(--ast-global-color-5)","background-image":"","background-repeat":"repeat","background-position":"center center","background-size":"auto","background-attachment":"scroll","background-type":"","background-media":"","overlay-type":"","overlay-color":"","overlay-opacity":"","overlay-gradient":""},"mobile":{"background-color":"var(--ast-global-color-5)","background-image":"","background-repeat":"repeat","background-position":"center center","background-size":"auto","background-attachment":"scroll","background-type":"","background-media":"","overlay-type":"","overlay-color":"","overlay-opacity":"","overlay-gradient":""}}},"product_brand":[442],"product_cat":[30,86,50],"product_tag":[],"class_list":{"0":"post-8451","1":"product","2":"type-product","3":"status-publish","4":"has-post-thumbnail","6":"product_brand-velilla","7":"product_cat-industria-base","8":"product_cat-pantalones","9":"product_cat-ropa-profesional","10":"desktop-align-center","11":"tablet-align-left","12":"mobile-align-left","14":"first","15":"instock","16":"taxable","17":"shipping-taxable","18":"purchasable","19":"product-type-variable","20":"has-default-attributes"},"_links":{"self":[{"href":"https:\/\/combi-pro.com\/fr\/wp-json\/wp\/v2\/product\/8451","targetHints":{"allow":["GET"]}}],"collection":[{"href":"https:\/\/combi-pro.com\/fr\/wp-json\/wp\/v2\/product"}],"about":[{"href":"https:\/\/combi-pro.com\/fr\/wp-json\/wp\/v2\/types\/product"}],"wp:featuredmedia":[{"embeddable":true,"href":"https:\/\/combi-pro.com\/fr\/wp-json\/wp\/v2\/media\/8477"}],"wp:attachment":[{"href":"https:\/\/combi-pro.com\/fr\/wp-json\/wp\/v2\/media?parent=8451"}],"wp:term":[{"taxonomy":"product_brand","embeddable":true,"href":"https:\/\/combi-pro.com\/fr\/wp-json\/wp\/v2\/product_brand?post=8451"},{"taxonomy":"product_cat","embeddable":true,"href":"https:\/\/combi-pro.com\/fr\/wp-json\/wp\/v2\/product_cat?post=8451"},{"taxonomy":"product_tag","embeddable":true,"href":"https:\/\/combi-pro.com\/fr\/wp-json\/wp\/v2\/product_tag?post=8451"}],"curies":[{"name":"wp","href":"https:\/\/api.w.org\/{rel}","templated":true}]}}

Pantalon de travail multi-poches en stretch bicolore avec coupe ajustée et double piqûre 103024S | VELILLA

<div class="data item" role="tablist">
<div id="tab-label-description" class="data item title active" tabindex="0" role="tab" data-role="collapsible" data-collapsible="true" aria-controls="description" aria-selected="false" aria-expanded="true">
<p data-start="576" data-end="760">.<strong data-start="765" data-end="794">Caractéristiques techniques :</strong></p>
<ul>
<li data-start="798" data-end="814">Coupe cintrée</li>
<li data-start="817" data-end="856">Fermeture centrale à glissière et bouton</li>
<li data-start="859" data-end="910">Couleur contrastée sur les soufflets, les poignées et les boucles</li>
<li data-start="913" data-end="934">Taille élastiquée</li>
<li data-start="937" data-end="965">Double couture de sécurité</li>
<li data-start="968" data-end="985">Six poches :</li>
<li data-start="990" data-end="1013">2 poches françaises</li>
<li data-start="1018" data-end="1094">2 poches à soufflet avec double soufflet central, rabat, velcro et tirettes</li>
<li data-start="1099" data-end="1162">2 poches arrière à soufflet avec rabat, velcro et tirettes</li>
</ul>
<p data-start="1164" data-end="1178"><strong data-start="1167" data-end="1178">Tissu:</strong></p>
<ul>
<li data-start="1182" data-end="1234">Stretch : 46% coton - 38% EME - 16% polyester</li>
<li data-start="1237" data-end="1258">Grammage : 240 g/m².</li>
</ul>
<p data-start="1260" data-end="1284"><strong data-start="1263" data-end="1272">Gamme :</strong> Total de la contrepartie</p>
<p data-start="1286" data-end="1471"><strong data-start="1288" data-end="1313">Recommandation d'utilisation :</strong></p>
<ul>
<li data-start="1286" data-end="1471">Parfait pour les emplois qui requièrent mobilité et force, ce pantalon extensible offre confort, durabilité et un design moderne adapté à l'environnement de travail.</li>
</ul>
<p data-start="1286" data-end="1471">
</div>
<div id="description" class="data item content" role="tabpanel" aria-labelledby="tab-label-description" data-role="content" aria-hidden="false">
<div class="product attribute description">
<div class="value"></div>
</div>
</div>
</div>

<p data-start="346" data-end="546">Pantalon de travail bicolore en tissu extensible, coupe ajustée, taille élastiquée et multiples poches fonctionnelles. Idéal pour un usage professionnel quotidien.</p>
<p><img decoding="async" class="alignnone wp-image-15233" src="https://combi-pro.com/wp-content/uploads/2025/04/icon-w240.png" alt="" width="111" height="40" srcset="https://combi-pro.com/wp-content/uploads/2025/04/icon-w240.png 228w, https://combi-pro.com/wp-content/uploads/2025/04/icon-w240-64x23.png 64w, https://combi-pro.com/wp-content/uploads/2025/04/icon-w240-18x6.png 18w" sizes="(max-width: 111px) 100vw, 111px" /> <img decoding="async" class="alignnone wp-image-15240" src="https://combi-pro.com/wp-content/uploads/2025/04/icon-stretch.png" alt="" width="99" height="40" srcset="https://combi-pro.com/wp-content/uploads/2025/04/icon-stretch.png 228w, https://combi-pro.com/wp-content/uploads/2025/04/icon-stretch-64x26.png 64w, https://combi-pro.com/wp-content/uploads/2025/04/icon-stretch-18x7.png 18w" sizes="(max-width: 99px) 100vw, 99px" /> <img decoding="async" class="alignnone wp-image-15236" src="https://combi-pro.com/wp-content/uploads/2025/04/icon-totalmatch.png" alt="" width="209" height="40" srcset="https://combi-pro.com/wp-content/uploads/2025/04/icon-totalmatch.png 251w, https://combi-pro.com/wp-content/uploads/2025/04/icon-totalmatch-64x12.png 64w, https://combi-pro.com/wp-content/uploads/2025/04/icon-totalmatch-18x3.png 18w" sizes="(max-width: 209px) 100vw, 209px" /></p>
<p><strong>GUIDE DES TAILLES</strong></p>
<p><strong><img loading="lazy" decoding="async" class="alignnone wp-image-17874" src="https://combi-pro.com/wp-content/uploads/2024/05/105.5-112.2-screenshot-1750325730747-300x229.png" alt="" width="262" height="200" srcset="https://combi-pro.com/wp-content/uploads/2024/05/105.5-112.2-screenshot-1750325730747-300x229.png 300w, https://combi-pro.com/wp-content/uploads/2024/05/105.5-112.2-screenshot-1750325730747-16x12.png 16w, https://combi-pro.com/wp-content/uploads/2024/05/105.5-112.2-screenshot-1750325730747-64x49.png 64w, https://combi-pro.com/wp-content/uploads/2024/05/105.5-112.2-screenshot-1750325730747.png 399w" sizes="(max-width: 262px) 100vw, 262px" /> <img loading="lazy" decoding="async" class="alignnone wp-image-17729" src="https://combi-pro.com/wp-content/uploads/2024/05/screenshot-1749765502228.png" alt="" width="212" height="160" srcset="https://combi-pro.com/wp-content/uploads/2024/05/screenshot-1749765502228.png 292w, https://combi-pro.com/wp-content/uploads/2024/05/screenshot-1749765502228-64x48.png 64w, https://combi-pro.com/wp-content/uploads/2024/05/screenshot-1749765502228-16x12.png 16w" sizes="(max-width: 212px) 100vw, 212px" />    </strong></p>
