{"id":8995,"date":"2024-05-20T21:46:50","date_gmt":"2024-05-20T19:46:50","guid":{"rendered":"https:\/\/combi-pro.com\/?post_type=product&#038;p=8995"},"modified":"2026-04-13T20:16:55","modified_gmt":"2026-04-13T18:16:55","slug":"105905-gilet-en-polaire","status":"publish","type":"product","link":"https:\/\/combi-pro.com\/fr\/boutique\/105905-gilet-en-polaire\/","title":{"rendered":"Gilet de travail en polaire avec fermeture \u00e9clair et multi-poches 105905 | VELILLA"},"content":{"rendered":"<div class=\"data item\" role=\"tablist\">\n<div id=\"tab-label-description\" class=\"data item title active\" tabindex=\"0\" role=\"tab\" data-role=\"collapsible\" data-collapsible=\"true\" aria-controls=\"description\" aria-selected=\"false\" aria-expanded=\"true\">\n<p data-start=\"537\" data-end=\"569\"><strong data-start=\"537\" data-end=\"569\">Caract\u00e9ristiques techniques :<\/strong><\/p>\n<ul>\n<li data-start=\"573\" data-end=\"604\">Fermeture centrale \u00e0 glissi\u00e8re<\/li>\n<li data-start=\"607\" data-end=\"674\">Rabat int\u00e9rieur en haut, couvrant la fermeture \u00e0 glissi\u00e8re<\/li>\n<li data-start=\"677\" data-end=\"733\">Bande de biais \u00e9lastiqu\u00e9e \u00e0 l'ourlet et \u00e0 l'emmanchure<\/li>\n<li data-start=\"736\" data-end=\"808\">5 poches : 3 poches passepoil\u00e9es zipp\u00e9es et 2 poches int\u00e9rieures<\/li>\n<\/ul>\n<p data-start=\"810\" data-end=\"826\"><strong data-start=\"810\" data-end=\"824\">Tissu:<\/strong><\/p>\n<ul>\n<li data-start=\"829\" data-end=\"863\">Polaire en microfibre. 100% polyester<\/li>\n<li data-start=\"866\" data-end=\"883\">Poids : 220 g\/m\u00b2.<\/li>\n<\/ul>\n<p data-start=\"885\" data-end=\"907\"><strong data-start=\"885\" data-end=\"897\">Gamme :<\/strong> V\u00eatements d'ext\u00e9rieur<\/p>\n<p data-start=\"909\" data-end=\"1109\"><strong data-start=\"909\" data-end=\"936\">Recommandation d'utilisation :<\/strong><\/p>\n<ul>\n<li data-start=\"909\" data-end=\"1109\">Parfait pour les environnements froids ou les activit\u00e9s de plein air. Ce gilet en polaire allie isolation thermique et libert\u00e9 de mouvement, id\u00e9al pour les professionnels en d\u00e9placement.<\/li>\n<\/ul>\n<\/div>\n<\/div>","protected":false},"excerpt":{"rendered":"<p data-start=\"154\" data-end=\"348\">Gilet de travail en microfibre polaire avec fermeture \u00e9clair, emmanchures \u00e9lastiqu\u00e9es et cinq poches fonctionnelles. Confortable, chaud et pratique pour un usage quotidien.<\/p>\n<p><strong>GUIDE DES TAILLES<\/strong><\/p>\n<p><strong><img decoding=\"async\" class=\"alignnone wp-image-17845\" src=\"https:\/\/combi-pro.com\/wp-content\/uploads\/2024\/05\/62.8-67.9-screenshot-1750240394768-300x128.png\" alt=\"\" width=\"304\" height=\"130\" srcset=\"https:\/\/combi-pro.com\/wp-content\/uploads\/2024\/05\/62.8-67.9-screenshot-1750240394768-300x128.png 300w, https:\/\/combi-pro.com\/wp-content\/uploads\/2024\/05\/62.8-67.9-screenshot-1750240394768-64x27.png 64w, https:\/\/combi-pro.com\/wp-content\/uploads\/2024\/05\/62.8-67.9-screenshot-1750240394768-18x8.png 18w, https:\/\/combi-pro.com\/wp-content\/uploads\/2024\/05\/62.8-67.9-screenshot-1750240394768.png 398w\" sizes=\"(max-width: 304px) 100vw, 304px\" \/> <img decoding=\"async\" class=\"alignnone wp-image-17696\" src=\"https:\/\/combi-pro.com\/wp-content\/uploads\/2025\/05\/screenshot-1749214923473-300x106.png\" alt=\"\" width=\"283\" height=\"100\" srcset=\"https:\/\/combi-pro.com\/wp-content\/uploads\/2025\/05\/screenshot-1749214923473-300x106.png 300w, https:\/\/combi-pro.com\/wp-content\/uploads\/2025\/05\/screenshot-1749214923473-64x23.png 64w, https:\/\/combi-pro.com\/wp-content\/uploads\/2025\/05\/screenshot-1749214923473-18x6.png 18w, https:\/\/combi-pro.com\/wp-content\/uploads\/2025\/05\/screenshot-1749214923473.png 396w\" sizes=\"(max-width: 283px) 100vw, 283px\" \/>\u00a0 \u00a0 \u00a0 \u00a0<\/strong><\/p>","protected":false},"featured_media":11750,"template":"","meta":{"site-sidebar-layout":"default","site-content-layout":"","ast-site-content-layout":"default","site-content-style":"default","site-sidebar-style":"default","ast-global-header-display":"","ast-banner-title-visibility":"","ast-main-header-display":"","ast-hfb-above-header-display":"","ast-hfb-below-header-display":"","ast-hfb-mobile-header-display":"","site-post-title":"","ast-breadcrumbs-content":"","ast-featured-img":"","footer-sml-layout":"","ast-disable-related-posts":"","theme-transparent-header-meta":"default","adv-header-id-meta":"","stick-header-meta":"","header-above-stick-meta":"","header-main-stick-meta":"","header-below-stick-meta":"","astra-migrate-meta-layouts":"set","ast-page-background-enabled":"default","ast-page-background-meta":{"desktop":{"background-color":"","background-image":"","background-repeat":"repeat","background-position":"center center","background-size":"auto","background-attachment":"scroll","background-type":"","background-media":"","overlay-type":"","overlay-color":"","overlay-opacity":"","overlay-gradient":""},"tablet":{"background-color":"","background-image":"","background-repeat":"repeat","background-position":"center center","background-size":"auto","background-attachment":"scroll","background-type":"","background-media":"","overlay-type":"","overlay-color":"","overlay-opacity":"","overlay-gradient":""},"mobile":{"background-color":"","background-image":"","background-repeat":"repeat","background-position":"center center","background-size":"auto","background-attachment":"scroll","background-type":"","background-media":"","overlay-type":"","overlay-color":"","overlay-opacity":"","overlay-gradient":""}},"ast-content-background-meta":{"desktop":{"background-color":"var(--ast-global-color-5)","background-image":"","background-repeat":"repeat","background-position":"center center","background-size":"auto","background-attachment":"scroll","background-type":"","background-media":"","overlay-type":"","overlay-color":"","overlay-opacity":"","overlay-gradient":""},"tablet":{"background-color":"var(--ast-global-color-5)","background-image":"","background-repeat":"repeat","background-position":"center center","background-size":"auto","background-attachment":"scroll","background-type":"","background-media":"","overlay-type":"","overlay-color":"","overlay-opacity":"","overlay-gradient":""},"mobile":{"background-color":"var(--ast-global-color-5)","background-image":"","background-repeat":"repeat","background-position":"center center","background-size":"auto","background-attachment":"scroll","background-type":"","background-media":"","overlay-type":"","overlay-color":"","overlay-opacity":"","overlay-gradient":""}}},"product_brand":[442],"product_cat":[81,84,30,50],"product_tag":[],"class_list":{"0":"post-8995","1":"product","2":"type-product","3":"status-publish","4":"has-post-thumbnail","6":"product_brand-velilla","7":"product_cat-chalecos","8":"product_cat-forro-polar","9":"product_cat-industria-base","10":"product_cat-ropa-profesional","11":"desktop-align-center","12":"tablet-align-left","13":"mobile-align-left","15":"first","16":"instock","17":"taxable","18":"shipping-taxable","19":"purchasable","20":"product-type-variable","21":"has-default-attributes"},"_links":{"self":[{"href":"https:\/\/combi-pro.com\/fr\/wp-json\/wp\/v2\/product\/8995","targetHints":{"allow":["GET"]}}],"collection":[{"href":"https:\/\/combi-pro.com\/fr\/wp-json\/wp\/v2\/product"}],"about":[{"href":"https:\/\/combi-pro.com\/fr\/wp-json\/wp\/v2\/types\/product"}],"wp:featuredmedia":[{"embeddable":true,"href":"https:\/\/combi-pro.com\/fr\/wp-json\/wp\/v2\/media\/11750"}],"wp:attachment":[{"href":"https:\/\/combi-pro.com\/fr\/wp-json\/wp\/v2\/media?parent=8995"}],"wp:term":[{"taxonomy":"product_brand","embeddable":true,"href":"https:\/\/combi-pro.com\/fr\/wp-json\/wp\/v2\/product_brand?post=8995"},{"taxonomy":"product_cat","embeddable":true,"href":"https:\/\/combi-pro.com\/fr\/wp-json\/wp\/v2\/product_cat?post=8995"},{"taxonomy":"product_tag","embeddable":true,"href":"https:\/\/combi-pro.com\/fr\/wp-json\/wp\/v2\/product_tag?post=8995"}],"curies":[{"name":"wp","href":"https:\/\/api.w.org\/{rel}","templated":true}]}}

Gilet de travail en polaire avec fermeture éclair et multi-poches 105905 | VELILLA

<div class="data item" role="tablist">
<div id="tab-label-description" class="data item title active" tabindex="0" role="tab" data-role="collapsible" data-collapsible="true" aria-controls="description" aria-selected="false" aria-expanded="true">
<p data-start="537" data-end="569"><strong data-start="537" data-end="569">Caractéristiques techniques :</strong></p>
<ul>
<li data-start="573" data-end="604">Fermeture centrale à glissière</li>
<li data-start="607" data-end="674">Rabat intérieur en haut, couvrant la fermeture à glissière</li>
<li data-start="677" data-end="733">Bande de biais élastiquée à l'ourlet et à l'emmanchure</li>
<li data-start="736" data-end="808">5 poches : 3 poches passepoilées zippées et 2 poches intérieures</li>
</ul>
<p data-start="810" data-end="826"><strong data-start="810" data-end="824">Tissu:</strong></p>
<ul>
<li data-start="829" data-end="863">Polaire en microfibre. 100% polyester</li>
<li data-start="866" data-end="883">Poids : 220 g/m².</li>
</ul>
<p data-start="885" data-end="907"><strong data-start="885" data-end="897">Gamme :</strong> Vêtements d'extérieur</p>
<p data-start="909" data-end="1109"><strong data-start="909" data-end="936">Recommandation d'utilisation :</strong></p>
<ul>
<li data-start="909" data-end="1109">Parfait pour les environnements froids ou les activités de plein air. Ce gilet en polaire allie isolation thermique et liberté de mouvement, idéal pour les professionnels en déplacement.</li>
</ul>
</div>
</div>

<p data-start="154" data-end="348">Gilet de travail en microfibre polaire avec fermeture éclair, emmanchures élastiquées et cinq poches fonctionnelles. Confortable, chaud et pratique pour un usage quotidien.</p>
<p><strong>GUIDE DES TAILLES</strong></p>
<p><strong><img decoding="async" class="alignnone wp-image-17845" src="https://combi-pro.com/wp-content/uploads/2024/05/62.8-67.9-screenshot-1750240394768-300x128.png" alt="" width="304" height="130" srcset="https://combi-pro.com/wp-content/uploads/2024/05/62.8-67.9-screenshot-1750240394768-300x128.png 300w, https://combi-pro.com/wp-content/uploads/2024/05/62.8-67.9-screenshot-1750240394768-64x27.png 64w, https://combi-pro.com/wp-content/uploads/2024/05/62.8-67.9-screenshot-1750240394768-18x8.png 18w, https://combi-pro.com/wp-content/uploads/2024/05/62.8-67.9-screenshot-1750240394768.png 398w" sizes="(max-width: 304px) 100vw, 304px" /> <img decoding="async" class="alignnone wp-image-17696" src="https://combi-pro.com/wp-content/uploads/2025/05/screenshot-1749214923473-300x106.png" alt="" width="283" height="100" srcset="https://combi-pro.com/wp-content/uploads/2025/05/screenshot-1749214923473-300x106.png 300w, https://combi-pro.com/wp-content/uploads/2025/05/screenshot-1749214923473-64x23.png 64w, https://combi-pro.com/wp-content/uploads/2025/05/screenshot-1749214923473-18x6.png 18w, https://combi-pro.com/wp-content/uploads/2025/05/screenshot-1749214923473.png 396w" sizes="(max-width: 283px) 100vw, 283px" />       </strong></p>
