{"id":9112,"date":"2024-05-20T23:19:52","date_gmt":"2024-05-20T21:19:52","guid":{"rendered":"https:\/\/combi-pro.com\/?post_type=product&#038;p=9112"},"modified":"2026-04-13T20:17:44","modified_gmt":"2026-04-13T18:17:44","slug":"187-poncho-de-pluie","status":"publish","type":"product","link":"https:\/\/combi-pro.com\/fr\/boutique\/187-poncho-de-pluie\/","title":{"rendered":"Poncho imperm\u00e9able avec capuche et sac de transport 187 | VELILLA"},"content":{"rendered":"<div class=\"data item\" role=\"tablist\">\n<div id=\"tab-label-description\" class=\"data item title active\" tabindex=\"0\" role=\"tab\" data-role=\"collapsible\" data-collapsible=\"true\" aria-controls=\"description\" aria-selected=\"false\" aria-expanded=\"true\">\n<p class=\"\" data-start=\"1018\" data-end=\"1050\"><strong data-start=\"1021\" data-end=\"1050\">Caract\u00e9ristiques techniques :<\/strong><\/p>\n<ul>\n<li data-start=\"1054\" data-end=\"1078\">Coutures thermosoud\u00e9es<\/li>\n<li data-start=\"1081\" data-end=\"1095\">Capot fixe<\/li>\n<li data-start=\"1098\" data-end=\"1132\">Ouverture de l'encolure en car\u00e8ne<\/li>\n<li data-start=\"1135\" data-end=\"1190\">Fixations lat\u00e9rales avec boutons-pression en plastique<\/li>\n<li data-start=\"1193\" data-end=\"1224\">Sac de transport inclus<\/li>\n<\/ul>\n<p class=\"\" data-start=\"1226\" data-end=\"1241\"><strong data-start=\"1229\" data-end=\"1241\">Tissus :<\/strong><\/p>\n<ul data-start=\"1242\" data-end=\"1286\">\n<li class=\"\" data-start=\"1242\" data-end=\"1286\">\n<p class=\"\" data-start=\"1244\" data-end=\"1286\">Tissu imperm\u00e9able : 100 % PVC \/ 180 g\/m\u00b2.<\/p>\n<\/li>\n<\/ul>\n<p class=\"\" data-start=\"1288\" data-end=\"1525\"><strong data-start=\"1290\" data-end=\"1315\">Recommandation d'utilisation :<\/strong><\/p>\n<ul>\n<li data-start=\"1288\" data-end=\"1525\">Parfait pour une utilisation occasionnelle ou professionnelle pour des activit\u00e9s ext\u00e9rieures sous la pluie, telles que l'\u00e9v\u00e9nementiel, la surveillance, la maintenance, l'agriculture ou le transport. Id\u00e9al comme \u00e9quipement d'urgence dans les v\u00e9hicules ou les sacs \u00e0 dos.<\/li>\n<\/ul>\n<\/div>\n<\/div>","protected":false},"excerpt":{"rendered":"<p>Poncho imperm\u00e9able avec coutures thermosoud\u00e9es, ouverture au niveau du cou et fermetures lat\u00e9rales par boutons-pression. Sac de rangement inclus, id\u00e9al pour une protection rapide et efficace contre la pluie.<\/p>\n<p><img decoding=\"async\" class=\"alignnone wp-image-15224\" src=\"https:\/\/combi-pro.com\/wp-content\/uploads\/2025\/04\/icon-water.png\" alt=\"\" width=\"40\" height=\"40\" srcset=\"https:\/\/combi-pro.com\/wp-content\/uploads\/2025\/04\/icon-water.png 134w, https:\/\/combi-pro.com\/wp-content\/uploads\/2025\/04\/icon-water-100x100.png 100w, https:\/\/combi-pro.com\/wp-content\/uploads\/2025\/04\/icon-water-64x64.png 64w, https:\/\/combi-pro.com\/wp-content\/uploads\/2025\/04\/icon-water-12x12.png 12w\" sizes=\"(max-width: 40px) 100vw, 40px\" \/><\/p>\n<p>&nbsp;<\/p>","protected":false},"featured_media":11668,"template":"","meta":{"site-sidebar-layout":"default","site-content-layout":"","ast-site-content-layout":"default","site-content-style":"default","site-sidebar-style":"default","ast-global-header-display":"","ast-banner-title-visibility":"","ast-main-header-display":"","ast-hfb-above-header-display":"","ast-hfb-below-header-display":"","ast-hfb-mobile-header-display":"","site-post-title":"","ast-breadcrumbs-content":"","ast-featured-img":"","footer-sml-layout":"","ast-disable-related-posts":"","theme-transparent-header-meta":"default","adv-header-id-meta":"","stick-header-meta":"","header-above-stick-meta":"","header-main-stick-meta":"","header-below-stick-meta":"","astra-migrate-meta-layouts":"set","ast-page-background-enabled":"default","ast-page-background-meta":{"desktop":{"background-color":"","background-image":"","background-repeat":"repeat","background-position":"center center","background-size":"auto","background-attachment":"scroll","background-type":"","background-media":"","overlay-type":"","overlay-color":"","overlay-opacity":"","overlay-gradient":""},"tablet":{"background-color":"","background-image":"","background-repeat":"repeat","background-position":"center center","background-size":"auto","background-attachment":"scroll","background-type":"","background-media":"","overlay-type":"","overlay-color":"","overlay-opacity":"","overlay-gradient":""},"mobile":{"background-color":"","background-image":"","background-repeat":"repeat","background-position":"center center","background-size":"auto","background-attachment":"scroll","background-type":"","background-media":"","overlay-type":"","overlay-color":"","overlay-opacity":"","overlay-gradient":""}},"ast-content-background-meta":{"desktop":{"background-color":"var(--ast-global-color-5)","background-image":"","background-repeat":"repeat","background-position":"center center","background-size":"auto","background-attachment":"scroll","background-type":"","background-media":"","overlay-type":"","overlay-color":"","overlay-opacity":"","overlay-gradient":""},"tablet":{"background-color":"var(--ast-global-color-5)","background-image":"","background-repeat":"repeat","background-position":"center center","background-size":"auto","background-attachment":"scroll","background-type":"","background-media":"","overlay-type":"","overlay-color":"","overlay-opacity":"","overlay-gradient":""},"mobile":{"background-color":"var(--ast-global-color-5)","background-image":"","background-repeat":"repeat","background-position":"center center","background-size":"auto","background-attachment":"scroll","background-type":"","background-media":"","overlay-type":"","overlay-color":"","overlay-opacity":"","overlay-gradient":""}}},"product_brand":[442],"product_cat":[30,50,93],"product_tag":[],"class_list":{"0":"post-9112","1":"product","2":"type-product","3":"status-publish","4":"has-post-thumbnail","6":"product_brand-velilla","7":"product_cat-industria-base","8":"product_cat-ropa-profesional","9":"product_cat-trajes-de-lluvia","10":"desktop-align-center","11":"tablet-align-left","12":"mobile-align-left","14":"first","15":"instock","16":"taxable","17":"shipping-taxable","18":"purchasable","19":"product-type-variable","20":"has-default-attributes"},"_links":{"self":[{"href":"https:\/\/combi-pro.com\/fr\/wp-json\/wp\/v2\/product\/9112","targetHints":{"allow":["GET"]}}],"collection":[{"href":"https:\/\/combi-pro.com\/fr\/wp-json\/wp\/v2\/product"}],"about":[{"href":"https:\/\/combi-pro.com\/fr\/wp-json\/wp\/v2\/types\/product"}],"wp:featuredmedia":[{"embeddable":true,"href":"https:\/\/combi-pro.com\/fr\/wp-json\/wp\/v2\/media\/11668"}],"wp:attachment":[{"href":"https:\/\/combi-pro.com\/fr\/wp-json\/wp\/v2\/media?parent=9112"}],"wp:term":[{"taxonomy":"product_brand","embeddable":true,"href":"https:\/\/combi-pro.com\/fr\/wp-json\/wp\/v2\/product_brand?post=9112"},{"taxonomy":"product_cat","embeddable":true,"href":"https:\/\/combi-pro.com\/fr\/wp-json\/wp\/v2\/product_cat?post=9112"},{"taxonomy":"product_tag","embeddable":true,"href":"https:\/\/combi-pro.com\/fr\/wp-json\/wp\/v2\/product_tag?post=9112"}],"curies":[{"name":"wp","href":"https:\/\/api.w.org\/{rel}","templated":true}]}}

Poncho imperméable avec capuche et sac de transport 187 | VELILLA

<div class="data item" role="tablist">
<div id="tab-label-description" class="data item title active" tabindex="0" role="tab" data-role="collapsible" data-collapsible="true" aria-controls="description" aria-selected="false" aria-expanded="true">
<p class="" data-start="1018" data-end="1050"><strong data-start="1021" data-end="1050">Caractéristiques techniques :</strong></p>
<ul>
<li data-start="1054" data-end="1078">Coutures thermosoudées</li>
<li data-start="1081" data-end="1095">Capot fixe</li>
<li data-start="1098" data-end="1132">Ouverture de l'encolure en carène</li>
<li data-start="1135" data-end="1190">Fixations latérales avec boutons-pression en plastique</li>
<li data-start="1193" data-end="1224">Sac de transport inclus</li>
</ul>
<p class="" data-start="1226" data-end="1241"><strong data-start="1229" data-end="1241">Tissus :</strong></p>
<ul data-start="1242" data-end="1286">
<li class="" data-start="1242" data-end="1286">
<p class="" data-start="1244" data-end="1286">Tissu imperméable : 100 % PVC / 180 g/m².</p>
</li>
</ul>
<p class="" data-start="1288" data-end="1525"><strong data-start="1290" data-end="1315">Recommandation d'utilisation :</strong></p>
<ul>
<li data-start="1288" data-end="1525">Parfait pour une utilisation occasionnelle ou professionnelle pour des activités extérieures sous la pluie, telles que l'événementiel, la surveillance, la maintenance, l'agriculture ou le transport. Idéal comme équipement d'urgence dans les véhicules ou les sacs à dos.</li>
</ul>
</div>
</div>

<p>Poncho imperméable avec coutures thermosoudées, ouverture au niveau du cou et fermetures latérales par boutons-pression. Sac de rangement inclus, idéal pour une protection rapide et efficace contre la pluie.</p>
<p><img decoding="async" class="alignnone wp-image-15224" src="https://combi-pro.com/wp-content/uploads/2025/04/icon-water.png" alt="" width="40" height="40" srcset="https://combi-pro.com/wp-content/uploads/2025/04/icon-water.png 134w, https://combi-pro.com/wp-content/uploads/2025/04/icon-water-100x100.png 100w, https://combi-pro.com/wp-content/uploads/2025/04/icon-water-64x64.png 64w, https://combi-pro.com/wp-content/uploads/2025/04/icon-water-12x12.png 12w" sizes="(max-width: 40px) 100vw, 40px" /></p>
<p>&nbsp;</p>
