{"id":9515,"date":"2024-05-25T00:06:42","date_gmt":"2024-05-24T22:06:42","guid":{"rendered":"https:\/\/combi-pro.com\/?post_type=product&#038;p=9515"},"modified":"2026-04-13T20:20:29","modified_gmt":"2026-04-13T18:20:29","slug":"105503-polo-ml","status":"publish","type":"product","link":"https:\/\/combi-pro.com\/fr\/boutique\/105503-polo-ml\/","title":{"rendered":"Polo de travail \u00e0 manches longues avec col et poignets c\u00f4tel\u00e9s 105503 | VELILLA"},"content":{"rendered":"<div class=\"data item\" role=\"tablist\">\n<div id=\"tab-label-description\" class=\"data item title active\" tabindex=\"0\" role=\"tab\" data-role=\"collapsible\" data-collapsible=\"true\" aria-controls=\"description\" aria-selected=\"false\" aria-expanded=\"true\">\n<p data-start=\"651\" data-end=\"683\"><strong data-start=\"651\" data-end=\"683\">Caract\u00e9ristiques techniques :<\/strong><\/p>\n<ul>\n<li data-start=\"687\" data-end=\"715\">Fermeture centrale par bouton<\/li>\n<li data-start=\"718\" data-end=\"775\">Col et poignets c\u00f4tel\u00e9s pour une tenue confortable et durable<\/li>\n<\/ul>\n<p data-start=\"777\" data-end=\"791\"><strong data-start=\"777\" data-end=\"791\">Tissu:<\/strong><\/p>\n<ul>\n<li data-start=\"795\" data-end=\"833\">Piqu\u00e9 : 60 % coton - 40 % polyester<\/li>\n<li data-start=\"836\" data-end=\"901\">Grammage : 180 g\/m\u00b2 (l\u00e9ger et respirant, id\u00e9al pour la mi-saison)<\/li>\n<\/ul>\n<p data-start=\"903\" data-end=\"930\"><strong data-start=\"903\" data-end=\"930\">Recommandation d'utilisation :<\/strong><\/p>\n<ul>\n<li data-start=\"932\" data-end=\"1082\">Con\u00e7u pour ceux qui recherchent un polo pratique et plus couvrant. Il offre confort et style dans les environnements de travail, d'\u00e9ducation ou de service \u00e0 la client\u00e8le.<\/li>\n<\/ul>\n<\/div>\n<\/div>","protected":false},"excerpt":{"rendered":"<p data-start=\"250\" data-end=\"444\">Polo de travail \u00e0 manches longues avec fermeture boutonn\u00e9e, col et poignets c\u00f4tel\u00e9s. Tissu piqu\u00e9 r\u00e9sistant et confortable. Id\u00e9al pour les climats frais ou pour un usage professionnel.<\/p>\n<p><strong>GUIDE DES TAILLES<\/strong><\/p>\n<p><strong><img decoding=\"async\" class=\"alignnone wp-image-17889\" src=\"https:\/\/combi-pro.com\/wp-content\/uploads\/2024\/05\/71.7-83.7-screenshot-1750338852381-300x128.png\" alt=\"\" width=\"282\" height=\"120\" srcset=\"https:\/\/combi-pro.com\/wp-content\/uploads\/2024\/05\/71.7-83.7-screenshot-1750338852381-300x128.png 300w, https:\/\/combi-pro.com\/wp-content\/uploads\/2024\/05\/71.7-83.7-screenshot-1750338852381-18x8.png 18w, https:\/\/combi-pro.com\/wp-content\/uploads\/2024\/05\/71.7-83.7-screenshot-1750338852381-64x27.png 64w, https:\/\/combi-pro.com\/wp-content\/uploads\/2024\/05\/71.7-83.7-screenshot-1750338852381.png 399w\" sizes=\"(max-width: 282px) 100vw, 282px\" \/> <img decoding=\"async\" class=\"alignnone wp-image-17696\" src=\"https:\/\/combi-pro.com\/wp-content\/uploads\/2025\/05\/screenshot-1749214923473-300x106.png\" alt=\"\" width=\"283\" height=\"100\" srcset=\"https:\/\/combi-pro.com\/wp-content\/uploads\/2025\/05\/screenshot-1749214923473-300x106.png 300w, https:\/\/combi-pro.com\/wp-content\/uploads\/2025\/05\/screenshot-1749214923473-64x23.png 64w, https:\/\/combi-pro.com\/wp-content\/uploads\/2025\/05\/screenshot-1749214923473-18x6.png 18w, https:\/\/combi-pro.com\/wp-content\/uploads\/2025\/05\/screenshot-1749214923473.png 396w\" sizes=\"(max-width: 283px) 100vw, 283px\" \/>\u00a0 \u00a0 \u00a0\u00a0<\/strong><\/p>\n<p>&nbsp;<\/p>","protected":false},"featured_media":9540,"template":"","meta":{"site-sidebar-layout":"default","site-content-layout":"","ast-site-content-layout":"default","site-content-style":"default","site-sidebar-style":"default","ast-global-header-display":"","ast-banner-title-visibility":"","ast-main-header-display":"","ast-hfb-above-header-display":"","ast-hfb-below-header-display":"","ast-hfb-mobile-header-display":"","site-post-title":"","ast-breadcrumbs-content":"","ast-featured-img":"","footer-sml-layout":"","ast-disable-related-posts":"","theme-transparent-header-meta":"default","adv-header-id-meta":"","stick-header-meta":"","header-above-stick-meta":"","header-main-stick-meta":"","header-below-stick-meta":"","astra-migrate-meta-layouts":"set","ast-page-background-enabled":"default","ast-page-background-meta":{"desktop":{"background-color":"","background-image":"","background-repeat":"repeat","background-position":"center center","background-size":"auto","background-attachment":"scroll","background-type":"","background-media":"","overlay-type":"","overlay-color":"","overlay-opacity":"","overlay-gradient":""},"tablet":{"background-color":"","background-image":"","background-repeat":"repeat","background-position":"center center","background-size":"auto","background-attachment":"scroll","background-type":"","background-media":"","overlay-type":"","overlay-color":"","overlay-opacity":"","overlay-gradient":""},"mobile":{"background-color":"","background-image":"","background-repeat":"repeat","background-position":"center center","background-size":"auto","background-attachment":"scroll","background-type":"","background-media":"","overlay-type":"","overlay-color":"","overlay-opacity":"","overlay-gradient":""}},"ast-content-background-meta":{"desktop":{"background-color":"var(--ast-global-color-5)","background-image":"","background-repeat":"repeat","background-position":"center center","background-size":"auto","background-attachment":"scroll","background-type":"","background-media":"","overlay-type":"","overlay-color":"","overlay-opacity":"","overlay-gradient":""},"tablet":{"background-color":"var(--ast-global-color-5)","background-image":"","background-repeat":"repeat","background-position":"center center","background-size":"auto","background-attachment":"scroll","background-type":"","background-media":"","overlay-type":"","overlay-color":"","overlay-opacity":"","overlay-gradient":""},"mobile":{"background-color":"var(--ast-global-color-5)","background-image":"","background-repeat":"repeat","background-position":"center center","background-size":"auto","background-attachment":"scroll","background-type":"","background-media":"","overlay-type":"","overlay-color":"","overlay-opacity":"","overlay-gradient":""}}},"product_brand":[442],"product_cat":[30,88,50],"product_tag":[],"class_list":{"0":"post-9515","1":"product","2":"type-product","3":"status-publish","4":"has-post-thumbnail","6":"product_brand-velilla","7":"product_cat-industria-base","8":"product_cat-polos","9":"product_cat-ropa-profesional","10":"desktop-align-center","11":"tablet-align-left","12":"mobile-align-left","14":"first","15":"instock","16":"taxable","17":"shipping-taxable","18":"purchasable","19":"product-type-variable","20":"has-default-attributes"},"_links":{"self":[{"href":"https:\/\/combi-pro.com\/fr\/wp-json\/wp\/v2\/product\/9515","targetHints":{"allow":["GET"]}}],"collection":[{"href":"https:\/\/combi-pro.com\/fr\/wp-json\/wp\/v2\/product"}],"about":[{"href":"https:\/\/combi-pro.com\/fr\/wp-json\/wp\/v2\/types\/product"}],"wp:featuredmedia":[{"embeddable":true,"href":"https:\/\/combi-pro.com\/fr\/wp-json\/wp\/v2\/media\/9540"}],"wp:attachment":[{"href":"https:\/\/combi-pro.com\/fr\/wp-json\/wp\/v2\/media?parent=9515"}],"wp:term":[{"taxonomy":"product_brand","embeddable":true,"href":"https:\/\/combi-pro.com\/fr\/wp-json\/wp\/v2\/product_brand?post=9515"},{"taxonomy":"product_cat","embeddable":true,"href":"https:\/\/combi-pro.com\/fr\/wp-json\/wp\/v2\/product_cat?post=9515"},{"taxonomy":"product_tag","embeddable":true,"href":"https:\/\/combi-pro.com\/fr\/wp-json\/wp\/v2\/product_tag?post=9515"}],"curies":[{"name":"wp","href":"https:\/\/api.w.org\/{rel}","templated":true}]}}

Polo de travail à manches longues avec col et poignets côtelés 105503 | VELILLA

<div class="data item" role="tablist">
<div id="tab-label-description" class="data item title active" tabindex="0" role="tab" data-role="collapsible" data-collapsible="true" aria-controls="description" aria-selected="false" aria-expanded="true">
<p data-start="651" data-end="683"><strong data-start="651" data-end="683">Caractéristiques techniques :</strong></p>
<ul>
<li data-start="687" data-end="715">Fermeture centrale par bouton</li>
<li data-start="718" data-end="775">Col et poignets côtelés pour une tenue confortable et durable</li>
</ul>
<p data-start="777" data-end="791"><strong data-start="777" data-end="791">Tissu:</strong></p>
<ul>
<li data-start="795" data-end="833">Piqué : 60 % coton - 40 % polyester</li>
<li data-start="836" data-end="901">Grammage : 180 g/m² (léger et respirant, idéal pour la mi-saison)</li>
</ul>
<p data-start="903" data-end="930"><strong data-start="903" data-end="930">Recommandation d'utilisation :</strong></p>
<ul>
<li data-start="932" data-end="1082">Conçu pour ceux qui recherchent un polo pratique et plus couvrant. Il offre confort et style dans les environnements de travail, d'éducation ou de service à la clientèle.</li>
</ul>
</div>
</div>

<p data-start="250" data-end="444">Polo de travail à manches longues avec fermeture boutonnée, col et poignets côtelés. Tissu piqué résistant et confortable. Idéal pour les climats frais ou pour un usage professionnel.</p>
<p><strong>GUIDE DES TAILLES</strong></p>
<p><strong><img decoding="async" class="alignnone wp-image-17889" src="https://combi-pro.com/wp-content/uploads/2024/05/71.7-83.7-screenshot-1750338852381-300x128.png" alt="" width="282" height="120" srcset="https://combi-pro.com/wp-content/uploads/2024/05/71.7-83.7-screenshot-1750338852381-300x128.png 300w, https://combi-pro.com/wp-content/uploads/2024/05/71.7-83.7-screenshot-1750338852381-18x8.png 18w, https://combi-pro.com/wp-content/uploads/2024/05/71.7-83.7-screenshot-1750338852381-64x27.png 64w, https://combi-pro.com/wp-content/uploads/2024/05/71.7-83.7-screenshot-1750338852381.png 399w" sizes="(max-width: 282px) 100vw, 282px" /> <img decoding="async" class="alignnone wp-image-17696" src="https://combi-pro.com/wp-content/uploads/2025/05/screenshot-1749214923473-300x106.png" alt="" width="283" height="100" srcset="https://combi-pro.com/wp-content/uploads/2025/05/screenshot-1749214923473-300x106.png 300w, https://combi-pro.com/wp-content/uploads/2025/05/screenshot-1749214923473-64x23.png 64w, https://combi-pro.com/wp-content/uploads/2025/05/screenshot-1749214923473-18x6.png 18w, https://combi-pro.com/wp-content/uploads/2025/05/screenshot-1749214923473.png 396w" sizes="(max-width: 283px) 100vw, 283px" />      </strong></p>
<p>&nbsp;</p>
